{"id":3234,"date":"2024-03-08T14:05:51","date_gmt":"2024-03-08T07:05:51","guid":{"rendered":"https:\/\/toangiamayvanphong.vn\/?page_id=3234"},"modified":"2024-06-21T07:59:20","modified_gmt":"2024-06-21T00:59:20","slug":"tuyen-dung","status":"publish","type":"page","link":"https:\/\/toangiamayvanphong.vn\/?page_id=3234","title":{"rendered":"Tuy\u1ec3n D\u1ee5ng"},"content":{"rendered":"<div class=\"row\"  id=\"row-1821592043\">\n\n\t<div id=\"col-1127721912\" class=\"col medium-4 small-12 large-4\"  >\n\t\t\t\t<div class=\"col-inner\"  >\n\t\t\t\n\t\t\t\n\t<div class=\"img has-hover x md-x lg-x y md-y lg-y\" id=\"image_1469760999\">\n\t\t\t\t\t\t\t\t<div class=\"img-inner dark\" >\n\t\t\t<img loading=\"lazy\" decoding=\"async\" width=\"284\" height=\"177\" src=\"https:\/\/toangiamayvanphong.vn\/wp-content\/uploads\/2024\/03\/tai-xuong-convert.io_.webp\" class=\"attachment-large size-large\" alt=\"\" \/>\t\t\t\t\t\t\n\t\t\t\t\t<\/div>\n\t\t\t\t\t\t\t\t\n<style>\n#image_1469760999 {\n  width: 100%;\n}\n<\/style>\n\t<\/div>\n\t\n\t\t<\/div>\n\t\t\t\t\t<\/div>\n\n\t\n\n\t<div id=\"col-1702557654\" class=\"col medium-8 small-12 large-8\"  >\n\t\t\t\t<div class=\"col-inner\"  >\n\t\t\t\n\t\t\t\n<header class=\"entry-header\">\n<div class=\"entry-header-text entry-header-text-top text-left\">\n<p style=\"padding-left: 40px; text-align: left;\"><span style=\"background-color: #ffcc00; color: #ff00ff;\">TUY\u1ec2N NH\u00c2N VI\u00caN K\u1ef8 THU\u1eacT<\/span><\/p>\n<p><strong style=\"font-size: 25.92px;\">Tuy\u1ec3n 02 NV K\u1ef9 Thu\u1eadt \u0110\u1ed5 M\u1ef1c, S\u1eeda Ch\u1eefa M\u00e1y In<\/strong><\/p>\n<p style=\"padding-left: 40px; text-align: left;\"><strong style=\"font-size: 14.4px;\">M\u00d4 T\u1ea2 C\u00d4NG VI\u1ec6C:<\/strong><\/p>\n<\/div>\n<\/header>\n<div class=\"entry-content single-page\" style=\"padding-left: 40px;\">\n<div class=\"AdDecription_adDecriptionWrapper____nLb\" style=\"text-align: left; padding-left: 40px;\">\n<div class=\"RecruiterInformation_RecuiterInforWrapper__W_ane\" style=\"padding-left: 40px;\">\n<div class=\"RecruiterInformation_companyInfor__BWkN4\" style=\"padding-left: 40px;\">\n<div class=\"RecruiterInformation_companyAddress__T9Opq\" style=\"padding-left: 40px;\">\n<div><strong><span style=\"color: #000000;\">\u2013 \u0110\u1ed5 m\u01b0c m\u00e1y in<\/span><\/strong><\/div>\n<div><strong><span style=\"color: #000000;\">\u2013 S\u1eeda ch\u1eefa m\u00e1y t\u00ednh, m\u00e1y in, m\u00e1y photocopy, m\u00e1y fax, \u2026.<\/span><\/strong><\/div>\n<div><strong><span style=\"color: #000000;\">\u2013 Th\u1ef1c hi\u1ec7n c\u00e1c c\u00f4ng vi\u1ec7c \u0111\u01b0\u1ee3c giao kh\u00e1c<\/span><\/strong><\/div>\n<div><strong><span style=\"color: #000000;\">*** \u0110\u01b0\u1ee3c \u0111\u00e0o t\u1ea1o, v\u1eeba h\u1ecdc v\u1eeba l\u00e0m\u2014&gt; v\u1eabn c\u00f3 l\u01b0\u01a1ng<\/span><\/strong><\/div>\n<div><strong><span style=\"color: #000000;\">*** \u0110\u01b0\u1ee3c ph\u1ee5 c\u1ea5p \u0103n tr\u01b0a, x\u0103ng xe, \u0111t<\/span><\/strong><\/div>\n<div>*** <span style=\"color: #ed1c24;\"><strong>\u0110I L\u00c0M NGAY<\/strong><\/span>***<\/div>\n<div><strong>N\u01a1i l\u00e0m vi\u1ec7c:<\/strong>.S\u1ed1 nh\u00e0 11, ng\u00e1ch 1\/1, ng\u00f5 88 ph\u1ed1 Gi\u00e1p Nh\u1ecb., Ph\u01b0\u1eddng Th\u1ecbnh Li\u1ec7t, Qu\u1eadn Ho\u00e0ng Mai, H\u00e0 N\u1ed9i<\/div>\n<\/div>\n<\/div>\n<\/div>\n<\/div>\n<div class=\"col-xs-12 no-padding\">\n<div class=\"col-md-6 no-padding AdParam_adParamItem__Yi2I0\" style=\"text-align: left;\" data-testid=\"param-item\">\n<div class=\"AdParam_adMediaParam__3epxo\">\n<div class=\"media-body media-middle\"><strong>H\u00ecnh th\u1ee9c tr\u1ea3 l\u01b0\u01a1ng:<\/strong>\u00a0<span class=\"AdParam_adParamValue__IfaYa\">Theo th\u00e1ng<\/span><\/div>\n<\/div>\n<\/div>\n<div class=\"col-md-6 no-padding AdParam_adParamItem__Yi2I0\" style=\"text-align: left;\" data-testid=\"param-item\">\n<div class=\"AdParam_adMediaParam__3epxo\">\n<div class=\"media-body media-middle\"><strong>Lo\u1ea1i c\u00f4ng vi\u1ec7c:\u00a0<\/strong><span class=\"AdParam_adParamValue__IfaYa\">To\u00e0n th\u1eddi gian<\/span><\/div>\n<\/div>\n<\/div>\n<div class=\"col-md-6 no-padding AdParam_adParamItem__Yi2I0\" style=\"text-align: left;\" data-testid=\"param-item\">\n<div class=\"AdParam_adMediaParam__3epxo\">\n<div class=\"media-body media-middle\"><strong>Kinh nghi\u1ec7m:\u00a0<\/strong><span class=\"AdParam_adParamValue__IfaYa\">Kh\u00f4ng y\u00eau c\u1ea7u<\/span><\/div>\n<\/div>\n<\/div>\n<div class=\"col-md-6 no-padding AdParam_adParamItem__Yi2I0\" style=\"text-align: left;\" data-testid=\"param-item\">\n<div class=\"AdParam_adMediaParam__3epxo\">\n<div class=\"media-body media-middle\"><strong>Gi\u1edbi t\u00ednh<\/strong>:\u00a0<span class=\"AdParam_adParamValue__IfaYa\">Kh\u00f4ng y\u00eau c\u1ea7u<\/span><\/div>\n<\/div>\n<\/div>\n<div class=\"col-md-6 no-padding AdParam_adParamItem__Yi2I0\" style=\"text-align: left;\" data-testid=\"param-item\">\n<div class=\"AdParam_adMediaParam__3epxo\">\n<div class=\"media-body media-middle\"><strong>C\u00e1c quy\u1ec1n l\u1ee3i kh\u00e1c:<\/strong>\u00a0<span class=\"AdParam_adParamValue__IfaYa\">\u0111\u00f3ng BHXH, ngh\u1ec9 l\u1ec5 t\u1ebft theo Q\u0110<\/span><\/div>\n<\/div>\n<\/div>\n<div class=\"col-md-6 no-padding AdParam_adParamItem__Yi2I0\" style=\"text-align: left;\" data-testid=\"param-item\">\n<div class=\"AdParam_adMediaParam__3epxo\">\n<div class=\"media-body media-middle\"><strong>Ch\u1ee9ng ch\u1ec9 \/ k\u1ef9 n\u0103ng:\u00a0<\/strong><span class=\"AdParam_adParamValue__IfaYa\">\u0111i\u1ec7n t\u1eed vi\u1ec5n th\u00f4ng, \u0111i\u1ec7n,\u2026 l\u00e0 1 l\u1ee3i th\u1ebf.<\/span><\/div>\n<\/div>\n<\/div>\n<div class=\"col-md-6 no-padding AdParam_adParamItem__Yi2I0\" data-testid=\"param-item\">\n<div class=\"AdParam_adMediaParam__3epxo\">\n<div class=\"media-body media-middle\" style=\"text-align: left;\"><strong>Tu\u1ed5i t\u1ed1i thi\u1ec3u:<\/strong>\u00a0<span class=\"AdParam_adParamValue__IfaYa\">18<\/span><\/div>\n<div>\n<p style=\"text-align: left;\"><strong>H\u1ed3 s\u01a1 \u0111\u1ea7y \u0111\u1ee7 g\u1ed3m:<\/strong><\/p>\n<p style=\"text-align: left;\">\u2013\u00a0 \u00a0 \u00a0 \u00a0 \u00a0CMTND (photo)<\/p>\n<p style=\"text-align: left;\">\u2013\u00a0 \u00a0\u00a0\u00a0\u00a0\u00a0\u00a0\u00a0\u00a0 \u0110\u01a1n xin vi\u1ec7c + L\u00fd l\u1ecbch l\u00e0m vi\u1ec7c<\/p>\n<p style=\"text-align: left;\"><strong>H\u1ea0N N\u1ed8P H\u1ed2 S\u01a0: &#8230;.<\/strong><\/p>\n<p style=\"text-align: left;\">C\u00e1c \u1ee9ng vi\u00ean g\u1eedi h\u1ed3 s\u01a1 tr\u1ef1c tuy\u1ebfn qua email:\u00a0<strong><u>toangiamayvanphong@gmail.com<\/u><\/strong><\/p>\n<p style=\"text-align: left;\">Ho\u1eb7c<\/p>\n<p style=\"text-align: left;\"><strong>LI\u00caN H\u1ec6: \u00a0<\/strong>Ph\u00f2ng HCNS \u2013 C\u00f4ng ty To\u00e0n Gia<\/p>\n<p style=\"text-align: left;\">\u0110\u1ecba ch\u1ec9: S\u1ed1 nh\u00e0 11, ng\u00e1ch 1\/1, ng\u00f5 88 Gi\u00e1p Nh\u1ecb, Th\u1ecbnh Li\u1ec7t, Ho\u00e0ng Mai, H\u00e0 N\u1ed9i<\/p>\n<p style=\"text-align: left;\">Tell: 024 3995 0208 \u2013 0989 547 025 (Mrs. Ng\u1ecdc Anh) \u2013 094 3030 117 (Mr. Tuynh)<\/p>\n<\/div>\n<\/div>\n<\/div>\n<\/div>\n<\/div>\n\t\t<\/div>\n\t\t\t\t\t<\/div>\n\n\t\n<\/div>\n","protected":false},"excerpt":{"rendered":"","protected":false},"author":2,"featured_media":0,"parent":0,"menu_order":0,"comment_status":"closed","ping_status":"closed","template":"","meta":{"footnotes":""},"class_list":["post-3234","page","type-page","status-publish","hentry"],"_links":{"self":[{"href":"https:\/\/toangiamayvanphong.vn\/index.php?rest_route=\/wp\/v2\/pages\/3234","targetHints":{"allow":["GET"]}}],"collection":[{"href":"https:\/\/toangiamayvanphong.vn\/index.php?rest_route=\/wp\/v2\/pages"}],"about":[{"href":"https:\/\/toangiamayvanphong.vn\/index.php?rest_route=\/wp\/v2\/types\/page"}],"author":[{"embeddable":true,"href":"https:\/\/toangiamayvanphong.vn\/index.php?rest_route=\/wp\/v2\/users\/2"}],"replies":[{"embeddable":true,"href":"https:\/\/toangiamayvanphong.vn\/index.php?rest_route=%2Fwp%2Fv2%2Fcomments&post=3234"}],"version-history":[{"count":4,"href":"https:\/\/toangiamayvanphong.vn\/index.php?rest_route=\/wp\/v2\/pages\/3234\/revisions"}],"predecessor-version":[{"id":3566,"href":"https:\/\/toangiamayvanphong.vn\/index.php?rest_route=\/wp\/v2\/pages\/3234\/revisions\/3566"}],"wp:attachment":[{"href":"https:\/\/toangiamayvanphong.vn\/index.php?rest_route=%2Fwp%2Fv2%2Fmedia&parent=3234"}],"curies":[{"name":"wp","href":"https:\/\/api.w.org\/{rel}","templated":true}]}}