{"id":2309,"date":"2023-07-09T11:14:44","date_gmt":"2023-07-09T04:14:44","guid":{"rendered":"https:\/\/toangiamayvanphong.vn\/?post_type=product&#038;p=2309"},"modified":"2023-07-09T11:14:47","modified_gmt":"2023-07-09T04:14:47","slug":"giay-can-gateway-a4-dl-83-gsm","status":"publish","type":"product","link":"https:\/\/toangiamayvanphong.vn\/?product=giay-can-gateway-a4-dl-83-gsm","title":{"rendered":"Gi\u1ea5y can Gateway A4 \u0110L 83 gsm"},"content":{"rendered":"<p><strong><span class=\"emoji-sizer emoji-outer \">?<\/span><span class=\"emoji-sizer emoji-outer \">?<\/span><span class=\"text\">?<\/span><span style=\"color: #0000ff;\">Gi\u1ea5y can Gateway A4 \u0110L 83 gsm<\/span><\/strong><\/p>\n<p>Gi\u1ea5y can Gateway l\u00e0 gi\u1ea5y c\u00f3 kh\u1ea3 n\u0103ng th\u1ea5u quang cao, ngh\u0129a l\u00e0 c\u00f3 th\u1ec3 cho \u00e1nh s\u00e1ng \u0111i qua. \u1ee8ng d\u1ee5ng nhi\u1ec1u nh\u1ea5t c\u1ee7a gi\u1ea5y can hi\u1ec7n nay l\u00e0 t\u1ea1o ra b\u1ea3n phim trong quy tr\u00ecnh in offset. Ngo\u00e0i ra, gi\u1ea5y can c\u00f2n \u0111\u01b0\u1ee3c d\u00f9ng l\u00e0m phong b\u00ec c\u01b0\u1edbi, thi\u1ebfp, gi\u1ea5y m\u1eddi, t\u1edd l\u00f3t trong s\u00e1ch, v\u1ecf h\u1ed9p \u0111\u0129a CD, danh thi\u1ebfp, l\u00e0m gi\u1ea5y g\u00f3i h\u00e0ng, bao b\u00ec&#8230;<\/p>\n<p>&#8211; Gi\u1ea5y Can cao c\u1ea5p Gateway nh\u1eadp kh\u1ea9u t\u1eeb Anh Qu\u1ed1c<\/p>\n<p>&#8211; \u0110\u1ecbnh l\u01b0\u1ee3ng: 83gsm<\/p>\n<p>&#8211; K\u00edch th\u01b0\u1edbc: Kh\u1ed5 A4 (210 x 297mm)<\/p>\n<p>&#8211; Quy c\u00e1ch: 250 t\u1edd\/h\u1ed9p<\/p>\n<p>&#8211; Tr\u1ecdng l\u01b0\u1ee3ng: 1,6kg\/h\u1ed9p<\/p>\n<p>***Tr\u00e2n Tr\u1ecdng***<\/p>\n<p>C\u00d4NG TY TNHH TM-DV \u0110\u1ea6U T\u01af &amp; PH\u00c1T TRI\u1ec2N C\u00d4NG NGH\u1ec6 TO\u00c0N GIA<\/p>\n<p>VPGD: ng\u00f5 88 ph\u1ed1 Gi\u00e1p Nh\u1ecb, Th\u1ecbnh Li\u1ec7t, Ho\u00e0ng Mai, H\u00e0 N\u1ed9i<\/p>\n<p>X\u01b0\u1edfng s\u1ea3n xu\u1ea5t: L\u1ea1c \u0110\u1ea1o, V\u0103n L\u00e2m, H\u01b0ng Y\u00ean<\/p>\n<p>M\u1ecdi nhu c\u1ea7u Li\u00ean h\u1ec7:<\/p>\n<p>???Hotline: 094 3030 117???<\/p>\n<p>Ph\u00f2ng Kinh doanh: 0918 92 55 22<\/p>\n<p>Ph\u00f2ng K\u1ef9 thu\u1eadt: 0918 26 55 22<\/p>\n<p>Ph\u00f2ng K\u1ebf to\u00e1n: 0916 49 88 22<\/p>\n<p>Tell: 024 3995 0208 \/ 0916 35 88 22<\/p>\n<p>Gmail: <a href=\"mailto:toangiamayvanphong@gmail.com\">toangiamayvanphong@gmail.com<\/a><\/p>\n<p>Web: <u>https:\/\/toangiamayvanphong.vn\/<\/u><\/p>\n","protected":false},"excerpt":{"rendered":"<div class=\"rte product_getcontent py-3 pos-relative\">\n<div id=\"content\">\n<p><strong><span class=\"emoji-sizer emoji-outer \">?<\/span><span class=\"emoji-sizer emoji-outer \">?<\/span><span class=\"text\">?<\/span><span style=\"color: #0000ff;\">Gi\u1ea5y can Gateway A4 \u0110L 83 gsm<\/span><\/strong><\/p>\n<p>Gi\u1ea5y can Gateway l\u00e0 gi\u1ea5y c\u00f3 kh\u1ea3 n\u0103ng th\u1ea5u quang cao, ngh\u0129a l\u00e0 c\u00f3 th\u1ec3 cho \u00e1nh s\u00e1ng \u0111i qua. \u1ee8ng d\u1ee5ng nhi\u1ec1u nh\u1ea5t c\u1ee7a gi\u1ea5y can hi\u1ec7n nay l\u00e0 t\u1ea1o ra b\u1ea3n phim trong quy tr\u00ecnh in offset. Ngo\u00e0i ra, gi\u1ea5y can c\u00f2n \u0111\u01b0\u1ee3c d\u00f9ng l\u00e0m phong b\u00ec c\u01b0\u1edbi, thi\u1ebfp, gi\u1ea5y m\u1eddi, t\u1edd l\u00f3t trong s\u00e1ch, v\u1ecf h\u1ed9p \u0111\u0129a CD, danh thi\u1ebfp, l\u00e0m gi\u1ea5y g\u00f3i h\u00e0ng, bao b\u00ec&#8230;<\/p>\n<p>&#8211; Gi\u1ea5y Can cao c\u1ea5p Gateway nh\u1eadp kh\u1ea9u t\u1eeb Anh Qu\u1ed1c<\/p>\n<p>&#8211; \u0110\u1ecbnh l\u01b0\u1ee3ng: 83gsm<\/p>\n<p>&#8211; K\u00edch th\u01b0\u1edbc: Kh\u1ed5 A4 (210 x 297mm)<\/p>\n<p>&#8211; Quy c\u00e1ch: 250 t\u1edd\/h\u1ed9p<\/p>\n<p>&#8211; Tr\u1ecdng l\u01b0\u1ee3ng: 1,6kg\/h\u1ed9p<\/p>\n<\/div>\n<\/div>\n<p>Th\u01b0\u01a1ng hi\u1ec7u:\u00a0 M\u1edaI 100%\u00a0 \u00a0 \u00a0 \u00a0 \u00a0 \u00a0 | T\u00ecnh tr\u1ea1ng : C\u00f2n h\u00e0ng<\/p>\n<p>Vui l\u00f2ng li\u00ean h\u1ec7 \u0111\u1ec3 l\u1ea5y gi\u00e1 g\u1ed1c v\u00e0 khuy\u1ebfn m\u1ea1i<\/p>\n<hr \/>\n<p>Sa\u0309n ph\u00e2\u0309m \u0111\u01b0\u01a1\u0323c ba\u0301n ta\u0323i :<\/p>\n<p>C\u00d4NG TY TNHH TM-DV \u0110\u1ea6U T\u01af &amp; PH\u00c1T TRI\u1ec2N C\u00d4NG NGH\u1ec6 TO\u00c0N GIA<\/p>\n<p>VPGD: ng\u00f5 88 ph\u1ed1 Gi\u00e1p Nh\u1ecb, Th\u1ecbnh Li\u1ec7t, Ho\u00e0ng Mai, H\u00e0 N\u1ed9i<\/p>\n<p>X\u01b0\u1edfng s\u1ea3n xu\u1ea5t: L\u1ea1c \u0110\u1ea1o, V\u0103n L\u00e2m, H\u01b0ng Y\u00ean<\/p>\n<p>M\u1ecdi nhu c\u1ea7u Li\u00ean h\u1ec7:<\/p>\n<p><span style=\"color: #ff0000;\">???Hotline: 094 3030 117???<\/span><\/p>\n<p>Ph\u00f2ng Kinh doanh: 0918 92 55 22<\/p>\n<p>Ph\u00f2ng K\u1ef9 thu\u1eadt: 0918 26 55 22<\/p>\n<p>Ph\u00f2ng K\u1ebf to\u00e1n: 0916 49 88 22<\/p>\n<p>Tell: 024 3995 0208 \/ 0916 35 88 22<\/p>\n<p>Gmail: <a href=\"mailto:toangiamayvanphong@gmail.com\">toangiamayvanphong@gmail.com<\/a><\/p>\n<p>Web: <u>https:\/\/toangiamayvanphong.vn\/<\/u><\/p>\n<p>&nbsp;<\/p>\n","protected":false},"featured_media":1792,"comment_status":"open","ping_status":"closed","template":"","meta":[],"product_brand":[],"product_cat":[158,208],"product_tag":[209,210],"class_list":{"0":"post-2309","1":"product","2":"type-product","3":"status-publish","4":"has-post-thumbnail","6":"product_cat-van-phong-pham","7":"product_cat-vat-tu-che-ban","8":"product_tag-gateway","9":"product_tag-giay-can","11":"first","12":"instock","13":"taxable","14":"shipping-taxable","15":"product-type-simple"},"_links":{"self":[{"href":"https:\/\/toangiamayvanphong.vn\/index.php?rest_route=\/wp\/v2\/product\/2309","targetHints":{"allow":["GET"]}}],"collection":[{"href":"https:\/\/toangiamayvanphong.vn\/index.php?rest_route=\/wp\/v2\/product"}],"about":[{"href":"https:\/\/toangiamayvanphong.vn\/index.php?rest_route=\/wp\/v2\/types\/product"}],"replies":[{"embeddable":true,"href":"https:\/\/toangiamayvanphong.vn\/index.php?rest_route=%2Fwp%2Fv2%2Fcomments&post=2309"}],"wp:featuredmedia":[{"embeddable":true,"href":"https:\/\/toangiamayvanphong.vn\/index.php?rest_route=\/wp\/v2\/media\/1792"}],"wp:attachment":[{"href":"https:\/\/toangiamayvanphong.vn\/index.php?rest_route=%2Fwp%2Fv2%2Fmedia&parent=2309"}],"wp:term":[{"taxonomy":"product_brand","embeddable":true,"href":"https:\/\/toangiamayvanphong.vn\/index.php?rest_route=%2Fwp%2Fv2%2Fproduct_brand&post=2309"},{"taxonomy":"product_cat","embeddable":true,"href":"https:\/\/toangiamayvanphong.vn\/index.php?rest_route=%2Fwp%2Fv2%2Fproduct_cat&post=2309"},{"taxonomy":"product_tag","embeddable":true,"href":"https:\/\/toangiamayvanphong.vn\/index.php?rest_route=%2Fwp%2Fv2%2Fproduct_tag&post=2309"}],"curies":[{"name":"wp","href":"https:\/\/api.w.org\/{rel}","templated":true}]}}