{"id":2337,"date":"2023-07-09T11:14:50","date_gmt":"2023-07-09T04:14:50","guid":{"rendered":"https:\/\/toangiamayvanphong.vn\/?post_type=product&#038;p=2337"},"modified":"2023-07-09T11:14:53","modified_gmt":"2023-07-09T04:14:53","slug":"but-ky-pentel-0-5-xanh","status":"publish","type":"product","link":"https:\/\/toangiamayvanphong.vn\/?product=but-ky-pentel-0-5-xanh","title":{"rendered":"B\u00fat K\u00fd Pentel 0.5 Xanh"},"content":{"rendered":"<p><strong><span class=\"emoji-sizer emoji-outer \">?<\/span><span class=\"emoji-sizer emoji-outer \">?<\/span><span class=\"text\">?<\/span><span class=\"text\">B<\/span><span class=\"text\">\u00fat K\u00fd Pentel 0.5 Xanh<\/span><\/strong><\/p>\n<p>-B\u00fat Pentel\u00a0 0.5mm th\u01b0\u1eddng s\u1eed d\u1ee5ng k\u00fd gi\u1ea5y t\u1edd, m\u1ef1c kh\u00f4ng lem, kh\u00f4ng phai m\u00e0u,<\/p>\n<p>-M\u1ef1c gel d\u1ea1ng l\u1ecfng tr\u01a1n \u0111\u1ec1u v\u00e0 nhanh kh\u00f4,<\/p>\n<p>-Tay c\u1ea7m b\u1eb1ng cao su mang l\u1ea1i s\u1ef1 tho\u1ea3i m\u00e1i ngay c\u1ea3 khi b\u1ea1n ph\u1ea3i vi\u1ebft v\u1edbi th\u1eddi gian l\u00e2u.<\/p>\n<p>-K\u1eb9p b\u00fat v\u00e0 v\u1ecf b\u00fat \u0111\u01b0\u1ee3c thi\u1ebft k\u1ebf th\u1eddi trang v\u00e0 sang tr\u1ecdng, mang l\u1ea1i phong c\u00e1ch cho ng\u01b0\u1eddi s\u1eed d\u1ee5ng.<\/p>\n<p>-M\u00e0u m\u1ef1c b\u00fat : xanh S\u1eed d\u1ee5ng ru\u1ed9t b\u00fat thay th\u1ebf khi h\u1ebft m\u1ef1c: ru\u1ed9t thay th\u1ebf LR5<\/p>\n<p>***Tr\u00e2n Tr\u1ecdng***<\/p>\n<p>C\u00d4NG TY TNHH TM-DV \u0110\u1ea6U T\u01af &amp; PH\u00c1T TRI\u1ec2N C\u00d4NG NGH\u1ec6 TO\u00c0N GIA<\/p>\n<p>VPGD: ng\u00f5 88 ph\u1ed1 Gi\u00e1p Nh\u1ecb, Th\u1ecbnh Li\u1ec7t, Ho\u00e0ng Mai, H\u00e0 N\u1ed9i<\/p>\n<p>X\u01b0\u1edfng s\u1ea3n xu\u1ea5t: L\u1ea1c \u0110\u1ea1o, V\u0103n L\u00e2m, H\u01b0ng Y\u00ean<\/p>\n<p>M\u1ecdi nhu c\u1ea7u Li\u00ean h\u1ec7:<\/p>\n<p>???Hotline: 094 3030 117???<\/p>\n<p>Ph\u00f2ng Kinh doanh: 0918 92 55 22<\/p>\n<p>Ph\u00f2ng K\u1ef9 thu\u1eadt: 0918 26 55 22<\/p>\n<p>Ph\u00f2ng K\u1ebf to\u00e1n: 0916 49 88 22<\/p>\n<p>Tell: 024 3995 0208 \/ 0916 35 88 22<\/p>\n<p>Gmail: <a href=\"mailto:toangiamayvanphong@gmail.com\">toangiamayvanphong@gmail.com<\/a><\/p>\n<p>Web: <u>https:\/\/toangiamayvanphong.vn\/<\/u><\/p>\n","protected":false},"excerpt":{"rendered":"<p><strong><span class=\"emoji-sizer emoji-outer \">?<\/span><span class=\"emoji-sizer emoji-outer \">?<\/span><span class=\"text\">?<\/span><span class=\"text\">B<\/span><span class=\"text\">\u00fat K\u00fd Pentel 0.5 Xanh<\/span><\/strong><\/p>\n<p>-B\u00fat Pentel\u00a0 0.5mm th\u01b0\u1eddng s\u1eed d\u1ee5ng k\u00fd gi\u1ea5y t\u1edd, m\u1ef1c kh\u00f4ng lem, kh\u00f4ng phai m\u00e0u,<\/p>\n<p>-M\u1ef1c gel d\u1ea1ng l\u1ecfng tr\u01a1n \u0111\u1ec1u v\u00e0 nhanh kh\u00f4,<\/p>\n<p>-Tay c\u1ea7m b\u1eb1ng cao su mang l\u1ea1i s\u1ef1 tho\u1ea3i m\u00e1i ngay c\u1ea3 khi b\u1ea1n ph\u1ea3i vi\u1ebft v\u1edbi th\u1eddi gian l\u00e2u.<\/p>\n<p>-K\u1eb9p b\u00fat v\u00e0 v\u1ecf b\u00fat \u0111\u01b0\u1ee3c thi\u1ebft k\u1ebf th\u1eddi trang v\u00e0 sang tr\u1ecdng, mang l\u1ea1i phong c\u00e1ch cho ng\u01b0\u1eddi s\u1eed d\u1ee5ng.<\/p>\n<p>-M\u00e0u m\u1ef1c b\u00fat : xanh S\u1eed d\u1ee5ng ru\u1ed9t b\u00fat thay th\u1ebf khi h\u1ebft m\u1ef1c: ru\u1ed9t thay th\u1ebf LR5<\/p>\n<p>Th\u01b0\u01a1ng hi\u1ec7u:\u00a0 M\u1edaI 100%\u00a0 \u00a0 \u00a0 \u00a0 \u00a0 \u00a0 | T\u00ecnh tr\u1ea1ng : C\u00f2n h\u00e0ng<\/p>\n<p>Vui l\u00f2ng li\u00ean h\u1ec7 \u0111\u1ec3 l\u1ea5y gi\u00e1 g\u1ed1c v\u00e0 khuy\u1ebfn m\u1ea1i<\/p>\n<hr \/>\n<p>Sa\u0309n ph\u00e2\u0309m \u0111\u01b0\u01a1\u0323c ba\u0301n ta\u0323i :<\/p>\n<p>C\u00d4NG TY TNHH TM-DV \u0110\u1ea6U T\u01af &amp; PH\u00c1T TRI\u1ec2N C\u00d4NG NGH\u1ec6 TO\u00c0N GIA<\/p>\n<p>VPGD: ng\u00f5 88 ph\u1ed1 Gi\u00e1p Nh\u1ecb, Th\u1ecbnh Li\u1ec7t, Ho\u00e0ng Mai, H\u00e0 N\u1ed9i<\/p>\n<p>X\u01b0\u1edfng s\u1ea3n xu\u1ea5t: L\u1ea1c \u0110\u1ea1o, V\u0103n L\u00e2m, H\u01b0ng Y\u00ean<\/p>\n<p>M\u1ecdi nhu c\u1ea7u Li\u00ean h\u1ec7:<\/p>\n<p><span style=\"color: #ff0000;\">???Hotline: 094 3030 117???<\/span><\/p>\n<p>Ph\u00f2ng Kinh doanh: 0918 92 55 22<\/p>\n<p>Ph\u00f2ng K\u1ef9 thu\u1eadt: 0918 26 55 22<\/p>\n<p>Ph\u00f2ng K\u1ebf to\u00e1n: 0916 49 88 22<\/p>\n<p>Tell: 024 3995 0208 \/ 0916 35 88 22<\/p>\n<p>Gmail: <a href=\"mailto:toangiamayvanphong@gmail.com\">toangiamayvanphong@gmail.com<\/a><\/p>\n<p>Web: <u>https:\/\/toangiamayvanphong.vn\/<\/u><\/p>\n<p>&nbsp;<\/p>\n","protected":false},"featured_media":1847,"comment_status":"open","ping_status":"closed","template":"","meta":[],"product_brand":[],"product_cat":[158],"product_tag":[233,234],"class_list":{"0":"post-2337","1":"product","2":"type-product","3":"status-publish","4":"has-post-thumbnail","6":"product_cat-van-phong-pham","7":"product_tag-but-ky","8":"product_tag-but-nuoc-pentel","10":"first","11":"instock","12":"taxable","13":"shipping-taxable","14":"product-type-simple"},"_links":{"self":[{"href":"https:\/\/toangiamayvanphong.vn\/index.php?rest_route=\/wp\/v2\/product\/2337","targetHints":{"allow":["GET"]}}],"collection":[{"href":"https:\/\/toangiamayvanphong.vn\/index.php?rest_route=\/wp\/v2\/product"}],"about":[{"href":"https:\/\/toangiamayvanphong.vn\/index.php?rest_route=\/wp\/v2\/types\/product"}],"replies":[{"embeddable":true,"href":"https:\/\/toangiamayvanphong.vn\/index.php?rest_route=%2Fwp%2Fv2%2Fcomments&post=2337"}],"wp:featuredmedia":[{"embeddable":true,"href":"https:\/\/toangiamayvanphong.vn\/index.php?rest_route=\/wp\/v2\/media\/1847"}],"wp:attachment":[{"href":"https:\/\/toangiamayvanphong.vn\/index.php?rest_route=%2Fwp%2Fv2%2Fmedia&parent=2337"}],"wp:term":[{"taxonomy":"product_brand","embeddable":true,"href":"https:\/\/toangiamayvanphong.vn\/index.php?rest_route=%2Fwp%2Fv2%2Fproduct_brand&post=2337"},{"taxonomy":"product_cat","embeddable":true,"href":"https:\/\/toangiamayvanphong.vn\/index.php?rest_route=%2Fwp%2Fv2%2Fproduct_cat&post=2337"},{"taxonomy":"product_tag","embeddable":true,"href":"https:\/\/toangiamayvanphong.vn\/index.php?rest_route=%2Fwp%2Fv2%2Fproduct_tag&post=2337"}],"curies":[{"name":"wp","href":"https:\/\/api.w.org\/{rel}","templated":true}]}}