{"id":2345,"date":"2023-07-09T11:14:51","date_gmt":"2023-07-09T04:14:51","guid":{"rendered":"https:\/\/toangiamayvanphong.vn\/?post_type=product&#038;p=2345"},"modified":"2026-04-26T18:06:00","modified_gmt":"2026-04-26T11:06:00","slug":"giay-note-34-pronoti","status":"publish","type":"product","link":"https:\/\/toangiamayvanphong.vn\/?product=giay-note-34-pronoti","title":{"rendered":"Gi\u1ea5y Note 3*4 Pronoti"},"content":{"rendered":"<p><strong><span class=\"emoji-sizer emoji-outer \">?<\/span><span class=\"emoji-sizer emoji-outer \">?<\/span><span class=\"text\">?<\/span><\/strong>Gi\u1ea5y Note 3*4 Pronoti<\/p>\n<p style=\"font-weight: 400;\">-N\u1ebfu b\u1ea1n l\u00e0 1 nh\u00e2n vi\u00ean v\u0103n ph\u00f2ng, h\u1ecdc sinh sinh vi\u00ean hay l\u00e0 m\u1ed9t ng\u01b0\u1eddi \u201c\u0111\u00e3ng tr\u00ed\u201d, c\u00f3 l\u1ebd b\u1ea1n kh\u00f4ng c\u00f2n xa l\u1ea1 g\u00ec v\u1edbi nh\u1eefng m\u1eabu gi\u1ea5y d\u00e1n kh\u1eafp n\u01a1i tr\u00ean b\u00e0n l\u00e0m vi\u1ec7c c\u1ee7a m\u00ecnh \u0111\u1ec3 t\u1ef1 nh\u1eafc m\u00ecnh th\u1ef1c hi\u1ec7n nh\u1eefng c\u00f4ng vi\u1ec7c n\u00e0o \u0111\u00f3.<\/p>\n<p style=\"font-weight: 400;\">-Gi\u1ea5y note, hay c\u00f2n g\u1ecdi l\u00e0 gi\u1ea5y l\u00e0m d\u1ea5u, gi\u1ea5y ghi ch\u00fa\u2026 l\u00e0 s\u1ea3n ph\u1ea9m\u00a0 gi\u00fap \u00edch ch\u00fang ta r\u1ea5t nhi\u1ec1u trong c\u00e1c c\u00f4ng vi\u1ec7c c\u1ea7n \u0111\u1ebfn s\u1ef1 ghi ch\u00e9p, ghi nh\u1edb, t\u1ea1o th\u1eddi gian bi\u1ec3u h\u00e0ng ng\u00e0y,<b><strong>\u00a0<\/strong><\/b>l\u00e0 nh\u1eefng m\u1eabu gi\u1ea5y nh\u1ecf c\u00f3 th\u1ec3 d\u00e1n l\u00ean b\u1ea5t c\u1ee9 \u0111\u00e2u \u0111\u1ec3 nh\u1eafc ch\u00fang ta l\u00e0m vi\u1ec7c g\u00ec \u0111\u00f3.<\/p>\n<p style=\"font-weight: 400;\">-Gi\u1ea5y note th\u01b0\u1eddng c\u00f3 nhi\u1ec1u m\u00e0u s\u1eafc \u0111\u1ec3 d\u1ec5 nh\u1eadn bi\u1ebft. M\u1ed9t \u0111\u1ea7u gi\u1ea5y c\u00f3 ph\u1ea7n keo d\u00ednh \u0111\u1ec3 d\u1ec5 d\u00e0ng d\u00e1n tr\u00ean b\u1ea5t c\u1ee9 \u0111\u00e2u, v\u1eadt d\u1ee5ng n\u00e0o cho ch\u00ednh ng\u01b0\u1eddi vi\u1ebft v\u00e0 ng\u01b0\u1eddi \u0111\u1ecdc (th\u01b0\u1eddng l\u00e0 nh\u1eefng c\u00f4ng vi\u1ec7c b\u1ed5 sung cho c\u00f4ng vi\u1ec7c ch\u00ednh, ghi ch\u00fa gi\u00e1 s\u1ea3n ph\u1ea9m, c\u00f4ng th\u1ee9c t\u00ednh to\u00e1n). Gi\u1ea5y note hi\u1ec7n nay c\u00f3 nhi\u1ec1u k\u00edch c\u1ee1 l\u1edbn nh\u1ecf v\u00e0 nhi\u1ec1u m\u00e0u s\u1eafc b\u1eaft m\u1eaft kh\u00e1c nhau. Qu\u00fd kh\u00e1ch c\u00f3 th\u1ec3 tham kh\u1ea3o c\u00e1c lo\u1ea1i gi\u1ea5y note kh\u00e1c nhau<\/p>\n<p style=\"font-weight: 400;\">-Gi\u1ea5y note <span style=\"font-weight: 400;\">\u0111\u00e3 v\u00e0 \u0111ang l\u00e0 c\u00f4ng c\u1ee5 h\u1eefu \u00edch trong c\u00f4ng vi\u1ec7c v\u00e0 h\u1ecdc t\u1eadp. T\u1eadp gi\u1ea5y note cho b\u1ea1n m\u1ed9t c\u01a1 h\u1ed9i \u0111\u1ec3 di\u1ec5n t\u1ea3 nh\u1eefng \u0111i\u1ec1u kh\u00f4ng th\u1ec3 n\u00f3i b\u1eb1ng l\u1eddi, c\u0169ng l\u00e0 ph\u01b0\u01a1ng ti\u1ec7n \u0111\u1ec3 b\u1ea1n ghi l\u1ea1i nh\u1eefng th\u00f4ng tin ch\u1edbp nho\u00e1ng v\u00e0 nh\u1eefng \u0111i\u1ec3m c\u1ea7n ghi nh\u1edb \u1edf b\u1ea5t c\u1ee9 n\u01a1i \u0111\u00e2u, b\u1ea5t c\u1ee9 khi n\u00e0o.<\/span><\/p>\n<p>***Tr\u00e2n Tr\u1ecdng***<\/p>\n<p>C\u00d4NG TY TNHH TM-DV \u0110\u1ea6U T\u01af &amp; PH\u00c1T TRI\u1ec2N C\u00d4NG NGH\u1ec6 TO\u00c0N GIA<\/p>\n<p>VPGD: ng\u00f5 88 ph\u1ed1 Gi\u00e1p Nh\u1ecb, Th\u1ecbnh Li\u1ec7t, Ho\u00e0ng Mai, H\u00e0 N\u1ed9i<\/p>\n<p>X\u01b0\u1edfng s\u1ea3n xu\u1ea5t: L\u1ea1c \u0110\u1ea1o, V\u0103n L\u00e2m, H\u01b0ng Y\u00ean<\/p>\n<p>M\u1ecdi nhu c\u1ea7u Li\u00ean h\u1ec7:<\/p>\n<p>???Hotline: 094 3030 117???<\/p>\n<p>Ph\u00f2ng Kinh doanh: 0918 92 55 22<\/p>\n<p>Ph\u00f2ng K\u1ef9 thu\u1eadt: 0918 26 55 22<\/p>\n<p>Ph\u00f2ng K\u1ebf to\u00e1n: 0916 49 88 22<\/p>\n<p>Tell: 024 3995 0208 \/ 0916 35 88 22<\/p>\n<p>Gmail: <a href=\"mailto:toangiamayvanphong@gmail.com\">toangiamayvanphong@gmail.com<\/a><\/p>\n<p>Web: <u>https:\/\/toangiamayvanphong.vn\/<\/u><\/p>\n","protected":false},"excerpt":{"rendered":"<p><strong><span class=\"emoji-sizer emoji-outer \">?<\/span><span class=\"emoji-sizer emoji-outer \">?<\/span><span class=\"text\">?<\/span><\/strong>Gi\u1ea5y Note 3*4 Pronoti<\/p>\n<p style=\"font-weight: 400;\">-N\u1ebfu b\u1ea1n l\u00e0 1 nh\u00e2n vi\u00ean v\u0103n ph\u00f2ng, h\u1ecdc sinh sinh vi\u00ean hay l\u00e0 m\u1ed9t ng\u01b0\u1eddi \u201c\u0111\u00e3ng tr\u00ed\u201d, c\u00f3 l\u1ebd b\u1ea1n kh\u00f4ng c\u00f2n xa l\u1ea1 g\u00ec v\u1edbi nh\u1eefng m\u1eabu gi\u1ea5y d\u00e1n kh\u1eafp n\u01a1i tr\u00ean b\u00e0n l\u00e0m vi\u1ec7c c\u1ee7a m\u00ecnh \u0111\u1ec3 t\u1ef1 nh\u1eafc m\u00ecnh th\u1ef1c hi\u1ec7n nh\u1eefng c\u00f4ng vi\u1ec7c n\u00e0o \u0111\u00f3.<\/p>\n<p style=\"font-weight: 400;\">-Gi\u1ea5y note, hay c\u00f2n g\u1ecdi l\u00e0 gi\u1ea5y l\u00e0m d\u1ea5u, gi\u1ea5y ghi ch\u00fa\u2026 l\u00e0 s\u1ea3n ph\u1ea9m\u00a0 gi\u00fap \u00edch ch\u00fang ta r\u1ea5t nhi\u1ec1u trong c\u00e1c c\u00f4ng vi\u1ec7c c\u1ea7n \u0111\u1ebfn s\u1ef1 ghi ch\u00e9p, ghi nh\u1edb, t\u1ea1o th\u1eddi gian bi\u1ec3u h\u00e0ng ng\u00e0y,<b><strong>\u00a0<\/strong><\/b>l\u00e0 nh\u1eefng m\u1eabu gi\u1ea5y nh\u1ecf c\u00f3 th\u1ec3 d\u00e1n l\u00ean b\u1ea5t c\u1ee9 \u0111\u00e2u \u0111\u1ec3 nh\u1eafc ch\u00fang ta l\u00e0m vi\u1ec7c g\u00ec \u0111\u00f3.<\/p>\n<p style=\"font-weight: 400;\">-Gi\u1ea5y note th\u01b0\u1eddng c\u00f3 nhi\u1ec1u m\u00e0u s\u1eafc \u0111\u1ec3 d\u1ec5 nh\u1eadn bi\u1ebft. M\u1ed9t \u0111\u1ea7u gi\u1ea5y c\u00f3 ph\u1ea7n keo d\u00ednh \u0111\u1ec3 d\u1ec5 d\u00e0ng d\u00e1n tr\u00ean b\u1ea5t c\u1ee9 \u0111\u00e2u, v\u1eadt d\u1ee5ng n\u00e0o cho ch\u00ednh ng\u01b0\u1eddi vi\u1ebft v\u00e0 ng\u01b0\u1eddi \u0111\u1ecdc (th\u01b0\u1eddng l\u00e0 nh\u1eefng c\u00f4ng vi\u1ec7c b\u1ed5 sung cho c\u00f4ng vi\u1ec7c ch\u00ednh, ghi ch\u00fa gi\u00e1 s\u1ea3n ph\u1ea9m, c\u00f4ng th\u1ee9c t\u00ednh to\u00e1n). Gi\u1ea5y note hi\u1ec7n nay c\u00f3 nhi\u1ec1u k\u00edch c\u1ee1 l\u1edbn nh\u1ecf v\u00e0 nhi\u1ec1u m\u00e0u s\u1eafc b\u1eaft m\u1eaft kh\u00e1c nhau. Qu\u00fd kh\u00e1ch c\u00f3 th\u1ec3 tham kh\u1ea3o c\u00e1c lo\u1ea1i gi\u1ea5y note kh\u00e1c nhau<\/p>\n<p style=\"font-weight: 400;\">-Gi\u1ea5y note <span style=\"font-weight: 400;\">\u0111\u00e3 v\u00e0 \u0111ang l\u00e0 c\u00f4ng c\u1ee5 h\u1eefu \u00edch trong c\u00f4ng vi\u1ec7c v\u00e0 h\u1ecdc t\u1eadp. T\u1eadp gi\u1ea5y note cho b\u1ea1n m\u1ed9t c\u01a1 h\u1ed9i \u0111\u1ec3 di\u1ec5n t\u1ea3 nh\u1eefng \u0111i\u1ec1u kh\u00f4ng th\u1ec3 n\u00f3i b\u1eb1ng l\u1eddi, c\u0169ng l\u00e0 ph\u01b0\u01a1ng ti\u1ec7n \u0111\u1ec3 b\u1ea1n ghi l\u1ea1i nh\u1eefng th\u00f4ng tin ch\u1edbp nho\u00e1ng v\u00e0 nh\u1eefng \u0111i\u1ec3m c\u1ea7n ghi nh\u1edb \u1edf b\u1ea5t c\u1ee9 n\u01a1i \u0111\u00e2u, b\u1ea5t c\u1ee9 khi n\u00e0o.<\/span><\/p>\n<p>Th\u01b0\u01a1ng hi\u1ec7u:\u00a0 M\u1edaI 100%\u00a0 \u00a0 \u00a0 \u00a0 \u00a0 \u00a0 | T\u00ecnh tr\u1ea1ng : C\u00f2n h\u00e0ng<\/p>\n<p>Vui l\u00f2ng li\u00ean h\u1ec7 \u0111\u1ec3 l\u1ea5y gi\u00e1 g\u1ed1c v\u00e0 khuy\u1ebfn m\u1ea1i<\/p>\n<hr \/>\n<p>Sa\u0309n ph\u00e2\u0309m \u0111\u01b0\u01a1\u0323c ba\u0301n ta\u0323i :<\/p>\n<p>C\u00d4NG TY TNHH TM-DV \u0110\u1ea6U T\u01af &amp; PH\u00c1T TRI\u1ec2N C\u00d4NG NGH\u1ec6 TO\u00c0N GIA<\/p>\n<p>VPGD: ng\u00f5 88 ph\u1ed1 Gi\u00e1p Nh\u1ecb, Th\u1ecbnh Li\u1ec7t, Ho\u00e0ng Mai, H\u00e0 N\u1ed9i<\/p>\n<p>X\u01b0\u1edfng s\u1ea3n xu\u1ea5t: L\u1ea1c \u0110\u1ea1o, V\u0103n L\u00e2m, H\u01b0ng Y\u00ean<\/p>\n<p>M\u1ecdi nhu c\u1ea7u Li\u00ean h\u1ec7:<\/p>\n<p><span style=\"color: #ff0000;\">???Hotline: 094 3030 117???<\/span><\/p>\n<p>Ph\u00f2ng Kinh doanh: 0918 92 55 22<\/p>\n<p>Ph\u00f2ng K\u1ef9 thu\u1eadt: 0918 26 55 22<\/p>\n<p>Ph\u00f2ng K\u1ebf to\u00e1n: 0916 49 88 22<\/p>\n<p>Tell: 024 3995 0208 \/ 0916 35 88 22<\/p>\n<p>Gmail: <a href=\"mailto:toangiamayvanphong@gmail.com\">toangiamayvanphong@gmail.com<\/a><\/p>\n<p>Web: <u>https:\/\/toangiamayvanphong.vn\/<\/u><\/p>\n<p>&nbsp;<\/p>\n","protected":false},"featured_media":1855,"comment_status":"open","ping_status":"closed","template":"","meta":[],"product_brand":[],"product_cat":[158],"product_tag":[247],"class_list":{"0":"post-2345","1":"product","2":"type-product","3":"status-publish","4":"has-post-thumbnail","6":"product_cat-van-phong-pham","7":"product_tag-giay-note","9":"first","10":"instock","11":"taxable","12":"shipping-taxable","13":"product-type-simple"},"_links":{"self":[{"href":"https:\/\/toangiamayvanphong.vn\/index.php?rest_route=\/wp\/v2\/product\/2345","targetHints":{"allow":["GET"]}}],"collection":[{"href":"https:\/\/toangiamayvanphong.vn\/index.php?rest_route=\/wp\/v2\/product"}],"about":[{"href":"https:\/\/toangiamayvanphong.vn\/index.php?rest_route=\/wp\/v2\/types\/product"}],"replies":[{"embeddable":true,"href":"https:\/\/toangiamayvanphong.vn\/index.php?rest_route=%2Fwp%2Fv2%2Fcomments&post=2345"}],"wp:featuredmedia":[{"embeddable":true,"href":"https:\/\/toangiamayvanphong.vn\/index.php?rest_route=\/wp\/v2\/media\/1855"}],"wp:attachment":[{"href":"https:\/\/toangiamayvanphong.vn\/index.php?rest_route=%2Fwp%2Fv2%2Fmedia&parent=2345"}],"wp:term":[{"taxonomy":"product_brand","embeddable":true,"href":"https:\/\/toangiamayvanphong.vn\/index.php?rest_route=%2Fwp%2Fv2%2Fproduct_brand&post=2345"},{"taxonomy":"product_cat","embeddable":true,"href":"https:\/\/toangiamayvanphong.vn\/index.php?rest_route=%2Fwp%2Fv2%2Fproduct_cat&post=2345"},{"taxonomy":"product_tag","embeddable":true,"href":"https:\/\/toangiamayvanphong.vn\/index.php?rest_route=%2Fwp%2Fv2%2Fproduct_tag&post=2345"}],"curies":[{"name":"wp","href":"https:\/\/api.w.org\/{rel}","templated":true}]}}