{"id":2364,"date":"2023-07-09T11:14:55","date_gmt":"2023-07-09T04:14:55","guid":{"rendered":"https:\/\/toangiamayvanphong.vn\/?post_type=product&#038;p=2364"},"modified":"2026-04-26T18:05:34","modified_gmt":"2026-04-26T11:05:34","slug":"muc-dau-shiny","status":"publish","type":"product","link":"https:\/\/toangiamayvanphong.vn\/?product=muc-dau-shiny","title":{"rendered":"M\u1ef0C D\u1ea4U SHINY"},"content":{"rendered":"<p>???M\u1ef0C D\u1ea4U SHINY<\/p>\n<p>&#8211; M\u1ef1c con d\u1ea5u chuy\u00ean d\u1ee5ng Shiny \u0111\u00f3ng \u0111\u01b0\u1ee3c tr\u00ean m\u1ecdi b\u1ec1 m\u1eb7t v\u1eadt li\u1ec7u tr\u01a1n ho\u1eb7c nh\u00e1m.<\/p>\n<p>&#8211; Th\u00edch h\u1ee3p cho c\u00e1c con d\u1ea5u v\u0103n ph\u00f2ng, c\u01a1 quan, x\u00ed nghi\u1ec7p&#8230;<\/p>\n<p>&#8211; S\u1eed d\u1ee5ng ph\u1ed5 bi\u1ebfn cho c\u00e1c lo\u1ea1i d\u1ea5u li\u1ec1n m\u1ef1c v\u00e0 tra v\u00e0o khay m\u1ef1c c\u00e1c lo\u1ea1i: d\u1ea5u, tampon, m\u1ef1c d\u1ea5u&#8230;<\/p>\n<p>&#8211; M\u00e0u m\u1ef1c b\u1ec1n, r\u00f5 n\u00e9t v\u00e0 kh\u00f4ng nh\u00f2e.<\/p>\n<p>&#8211; M\u00e0u s\u1eafc: \u0111en, xanh, \u0111\u1ecf.<\/p>\n<p>-B\u1ea3o qu\u1ea3n: B\u1ea3o qu\u1ea3n n\u01a1i kh\u00f4 r\u00e1o tho\u00e1ng m\u00e1t.<\/p>\n<p>C\u00d4NG TY TNHH TM-DV \u0110\u1ea6U T\u01af &amp; PH\u00c1T TRI\u1ec2N C\u00d4NG NGH\u1ec6 TO\u00c0N GIA<\/p>\n<p>VPGD: ng\u00f5 88 ph\u1ed1 Gi\u00e1p Nh\u1ecb, Th\u1ecbnh Li\u1ec7t, Ho\u00e0ng Mai, H\u00e0 N\u1ed9i<\/p>\n<p>X\u01b0\u1edfng s\u1ea3n xu\u1ea5t: L\u1ea1c \u0110\u1ea1o, V\u0103n L\u00e2m, H\u01b0ng Y\u00ean<\/p>\n<p>M\u1ecdi nhu c\u1ea7u Li\u00ean h\u1ec7:<\/p>\n<p>???Hotline: 094 3030 117???<\/p>\n<p>Ph\u00f2ng Kinh doanh: 0918 92 55 22<\/p>\n<p>Ph\u00f2ng K\u1ef9 thu\u1eadt: 0918 26 55 22<\/p>\n<p>Ph\u00f2ng K\u1ebf to\u00e1n: 0916 49 88 22<\/p>\n<p>Tell: 024 3995 0208 \/ 0916 35 88 22<\/p>\n<p>Gmail: <a href=\"mailto:toangiamayvanphong@gmail.com\">toangiamayvanphong@gmail.com<\/a><\/p>\n<p>Web: <u>https:\/\/toangiamayvanphong.vn\/<\/u><\/p>\n","protected":false},"excerpt":{"rendered":"<p>???M\u1ef0C D\u1ea4U SHINY<\/p>\n<p>&#8211; M\u1ef1c con d\u1ea5u chuy\u00ean d\u1ee5ng Shiny \u0111\u00f3ng \u0111\u01b0\u1ee3c tr\u00ean m\u1ecdi b\u1ec1 m\u1eb7t v\u1eadt li\u1ec7u tr\u01a1n ho\u1eb7c nh\u00e1m.<\/p>\n<p>&#8211; Th\u00edch h\u1ee3p cho c\u00e1c con d\u1ea5u v\u0103n ph\u00f2ng, c\u01a1 quan, x\u00ed nghi\u1ec7p&#8230;<\/p>\n<p>&#8211; S\u1eed d\u1ee5ng ph\u1ed5 bi\u1ebfn cho c\u00e1c lo\u1ea1i d\u1ea5u li\u1ec1n m\u1ef1c v\u00e0 tra v\u00e0o khay m\u1ef1c c\u00e1c lo\u1ea1i: d\u1ea5u, tampon, m\u1ef1c d\u1ea5u&#8230;<\/p>\n<p>&#8211; M\u00e0u m\u1ef1c b\u1ec1n, r\u00f5 n\u00e9t v\u00e0 kh\u00f4ng nh\u00f2e.<\/p>\n<p>&#8211; M\u00e0u s\u1eafc: \u0111en, xanh, \u0111\u1ecf.<\/p>\n<p>-B\u1ea3o qu\u1ea3n: B\u1ea3o qu\u1ea3n n\u01a1i kh\u00f4 r\u00e1o tho\u00e1ng m\u00e1t.<\/p>\n<p>Th\u01b0\u01a1ng hi\u1ec7u:\u00a0 M\u1edaI 100%\u00a0 \u00a0 \u00a0 \u00a0 \u00a0 \u00a0 | T\u00ecnh tr\u1ea1ng : C\u00f2n h\u00e0ng<\/p>\n<p>Vui l\u00f2ng li\u00ean h\u1ec7 \u0111\u1ec3 l\u1ea5y gi\u00e1 g\u1ed1c v\u00e0 khuy\u1ebfn m\u1ea1i<\/p>\n<hr \/>\n<p>Sa\u0309n ph\u00e2\u0309m \u0111\u01b0\u01a1\u0323c ba\u0301n ta\u0323i :<\/p>\n<p>C\u00d4NG TY TNHH TM-DV \u0110\u1ea6U T\u01af &amp; PH\u00c1T TRI\u1ec2N C\u00d4NG NGH\u1ec6 TO\u00c0N GIA<\/p>\n<p>VPGD: ng\u00f5 88 ph\u1ed1 Gi\u00e1p Nh\u1ecb, Th\u1ecbnh Li\u1ec7t, Ho\u00e0ng Mai, H\u00e0 N\u1ed9i<\/p>\n<p>X\u01b0\u1edfng s\u1ea3n xu\u1ea5t: L\u1ea1c \u0110\u1ea1o, V\u0103n L\u00e2m, H\u01b0ng Y\u00ean<\/p>\n<p>M\u1ecdi nhu c\u1ea7u Li\u00ean h\u1ec7:<\/p>\n<p><span style=\"color: #ff0000;\">???Hotline: 094 3030 117???<\/span><\/p>\n<p>Ph\u00f2ng Kinh doanh: 0918 92 55 22<\/p>\n<p>Ph\u00f2ng K\u1ef9 thu\u1eadt: 0918 26 55 22<\/p>\n<p>Ph\u00f2ng K\u1ebf to\u00e1n: 0916 49 88 22<\/p>\n<p>Tell: 024 3995 0208 \/ 0916 35 88 22<\/p>\n<p>Gmail: <a href=\"mailto:toangiamayvanphong@gmail.com\">toangiamayvanphong@gmail.com<\/a><\/p>\n<p>Web: <u>https:\/\/toangiamayvanphong.vn\/<\/u><\/p>\n<p>&nbsp;<\/p>\n","protected":false},"featured_media":1904,"comment_status":"open","ping_status":"closed","template":"","meta":[],"product_brand":[],"product_cat":[158],"product_tag":[279,280],"class_list":{"0":"post-2364","1":"product","2":"type-product","3":"status-publish","4":"has-post-thumbnail","6":"product_cat-van-phong-pham","7":"product_tag-muc-dau","8":"product_tag-muc-shiny","10":"first","11":"instock","12":"taxable","13":"shipping-taxable","14":"product-type-simple"},"_links":{"self":[{"href":"https:\/\/toangiamayvanphong.vn\/index.php?rest_route=\/wp\/v2\/product\/2364","targetHints":{"allow":["GET"]}}],"collection":[{"href":"https:\/\/toangiamayvanphong.vn\/index.php?rest_route=\/wp\/v2\/product"}],"about":[{"href":"https:\/\/toangiamayvanphong.vn\/index.php?rest_route=\/wp\/v2\/types\/product"}],"replies":[{"embeddable":true,"href":"https:\/\/toangiamayvanphong.vn\/index.php?rest_route=%2Fwp%2Fv2%2Fcomments&post=2364"}],"wp:featuredmedia":[{"embeddable":true,"href":"https:\/\/toangiamayvanphong.vn\/index.php?rest_route=\/wp\/v2\/media\/1904"}],"wp:attachment":[{"href":"https:\/\/toangiamayvanphong.vn\/index.php?rest_route=%2Fwp%2Fv2%2Fmedia&parent=2364"}],"wp:term":[{"taxonomy":"product_brand","embeddable":true,"href":"https:\/\/toangiamayvanphong.vn\/index.php?rest_route=%2Fwp%2Fv2%2Fproduct_brand&post=2364"},{"taxonomy":"product_cat","embeddable":true,"href":"https:\/\/toangiamayvanphong.vn\/index.php?rest_route=%2Fwp%2Fv2%2Fproduct_cat&post=2364"},{"taxonomy":"product_tag","embeddable":true,"href":"https:\/\/toangiamayvanphong.vn\/index.php?rest_route=%2Fwp%2Fv2%2Fproduct_tag&post=2364"}],"curies":[{"name":"wp","href":"https:\/\/api.w.org\/{rel}","templated":true}]}}