{"id":2366,"date":"2023-07-09T11:14:55","date_gmt":"2023-07-09T04:14:55","guid":{"rendered":"https:\/\/toangiamayvanphong.vn\/?post_type=product&#038;p=2366"},"modified":"2026-04-26T18:06:00","modified_gmt":"2026-04-26T11:06:00","slug":"but-xoa-nuoc-thien-long-cp-02-12ml","status":"publish","type":"product","link":"https:\/\/toangiamayvanphong.vn\/?product=but-xoa-nuoc-thien-long-cp-02-12ml","title":{"rendered":"B\u00fat x\u00f3a n\u01b0\u1edbc Thi\u00ean Long CP-02 12ml"},"content":{"rendered":"<p>???B\u00fat x\u00f3a n\u01b0\u1edbc Thi\u00ean Long CP-02 12ml<\/p>\n<p>-C\u00f4ng ngh\u1ec7 v\u01b0\u1ee3t tr\u1ed9i gi\u00fap m\u1ef1c x\u00f3a nhanh kh\u00f4, che ph\u1ee7 t\u1ed1t, kh\u00f4ng \u0111\u1ed9c h\u1ea1i v\u00e0 an to\u00e0n v\u1edbi t\u1ea7ng ozone.<\/p>\n<p>&#8211; L\u1eafc \u0111\u1ec1u b\u00fat tr\u01b0\u1edbc khi s\u1eed d\u1ee5ng.<\/p>\n<p>&#8211; Dung t\u00edch m\u1ef1c: 12 ml<\/p>\n<p>-B\u00fat x\u00f3a Thi\u00ean Long CP02 c\u00f3 ki\u1ec3u d\u00e1ng th\u00e2n d\u1eb9p, v\u1eeba t\u1ea7m tay , thu\u1eadn ti\u1ec7n khi s\u1eed d\u1ee5ng. C\u00e1n b\u1eb1ng nh\u1ef1a m\u00e0u xanh l\u00e1 th\u1ec3 hi\u1ec7n s\u1ef1 tr\u1ebb trung , n\u0103ng \u0111\u1ed9ng. \u0110\u1ea7u b\u00fat b\u1eb1ng kim lo\u1ea1i c\u00f3 l\u00f2 xo \u0111\u00e0n h\u1ed3i t\u1ed1t.<\/p>\n<p>L\u01b0u \u00fd :<\/p>\n<p>&#8211; \u0110\u1eb7t b\u00fat h\u01b0\u1edbng l\u00ean khi kh\u00f4ng s\u1eed d\u1ee5ng<\/p>\n<p>&#8211; L\u01b0u tr\u1eef n\u01a1i kh\u00f4 r\u00e1o , tho\u00e1ng m\u00e1t , tr\u00e1nh ti\u1ebfp x\u00fac tr\u1ef1c ti\u1ebfp v\u1edbi \u00e1nh n\u1eafng m\u1eb7t tr\u1eddi<\/p>\n<p>&#8211; L\u1eafc \u0111\u1ec1u b\u00fat tr\u01b0\u1edbc khi s\u1eed d\u1ee5ng<\/p>\n<p>C\u00d4NG TY TNHH TM-DV \u0110\u1ea6U T\u01af &amp; PH\u00c1T TRI\u1ec2N C\u00d4NG NGH\u1ec6 TO\u00c0N GIA<\/p>\n<p>VPGD: ng\u00f5 88 ph\u1ed1 Gi\u00e1p Nh\u1ecb, Th\u1ecbnh Li\u1ec7t, Ho\u00e0ng Mai, H\u00e0 N\u1ed9i<\/p>\n<p>X\u01b0\u1edfng s\u1ea3n xu\u1ea5t: L\u1ea1c \u0110\u1ea1o, V\u0103n L\u00e2m, H\u01b0ng Y\u00ean<\/p>\n<p>M\u1ecdi nhu c\u1ea7u Li\u00ean h\u1ec7:<\/p>\n<p>???Hotline: 094 3030 117???<\/p>\n<p>Ph\u00f2ng Kinh doanh: 0918 92 55 22<\/p>\n<p>Ph\u00f2ng K\u1ef9 thu\u1eadt: 0918 26 55 22<\/p>\n<p>Ph\u00f2ng K\u1ebf to\u00e1n: 0916 49 88 22<\/p>\n<p>Tell: 024 3995 0208 \/ 0916 35 88 22<\/p>\n<p>Gmail: <a href=\"mailto:toangiamayvanphong@gmail.com\">toangiamayvanphong@gmail.com<\/a><\/p>\n<p>Web: <u>https:\/\/toangiamayvanphong.vn\/<\/u><\/p>\n","protected":false},"excerpt":{"rendered":"<p>???B\u00fat x\u00f3a n\u01b0\u1edbc Thi\u00ean Long CP-02 12ml<\/p>\n<p>-C\u00f4ng ngh\u1ec7 v\u01b0\u1ee3t tr\u1ed9i gi\u00fap m\u1ef1c x\u00f3a nhanh kh\u00f4, che ph\u1ee7 t\u1ed1t, kh\u00f4ng \u0111\u1ed9c h\u1ea1i v\u00e0 an to\u00e0n v\u1edbi t\u1ea7ng ozone.<\/p>\n<p>&#8211; L\u1eafc \u0111\u1ec1u b\u00fat tr\u01b0\u1edbc khi s\u1eed d\u1ee5ng.<\/p>\n<p>&#8211; Dung t\u00edch m\u1ef1c: 12 ml<\/p>\n<p>-B\u00fat x\u00f3a Thi\u00ean Long CP02 c\u00f3 ki\u1ec3u d\u00e1ng th\u00e2n d\u1eb9p, v\u1eeba t\u1ea7m tay , thu\u1eadn ti\u1ec7n khi s\u1eed d\u1ee5ng. C\u00e1n b\u1eb1ng nh\u1ef1a m\u00e0u xanh l\u00e1 th\u1ec3 hi\u1ec7n s\u1ef1 tr\u1ebb trung , n\u0103ng \u0111\u1ed9ng. \u0110\u1ea7u b\u00fat b\u1eb1ng kim lo\u1ea1i c\u00f3 l\u00f2 xo \u0111\u00e0n h\u1ed3i t\u1ed1t.<\/p>\n<p>L\u01b0u \u00fd :<\/p>\n<p>&#8211; \u0110\u1eb7t b\u00fat h\u01b0\u1edbng l\u00ean khi kh\u00f4ng s\u1eed d\u1ee5ng<\/p>\n<p>&#8211; L\u01b0u tr\u1eef n\u01a1i kh\u00f4 r\u00e1o , tho\u00e1ng m\u00e1t , tr\u00e1nh ti\u1ebfp x\u00fac tr\u1ef1c ti\u1ebfp v\u1edbi \u00e1nh n\u1eafng m\u1eb7t tr\u1eddi<\/p>\n<p>&#8211; L\u1eafc \u0111\u1ec1u b\u00fat tr\u01b0\u1edbc khi s\u1eed d\u1ee5ng<\/p>\n<p>Th\u01b0\u01a1ng hi\u1ec7u:\u00a0 M\u1edaI 100%\u00a0 \u00a0 \u00a0 \u00a0 \u00a0 \u00a0 | T\u00ecnh tr\u1ea1ng : C\u00f2n h\u00e0ng<\/p>\n<p>Vui l\u00f2ng li\u00ean h\u1ec7 \u0111\u1ec3 l\u1ea5y gi\u00e1 g\u1ed1c v\u00e0 khuy\u1ebfn m\u1ea1i<\/p>\n<hr \/>\n<p>Sa\u0309n ph\u00e2\u0309m \u0111\u01b0\u01a1\u0323c ba\u0301n ta\u0323i :<\/p>\n<p>C\u00d4NG TY TNHH TM-DV \u0110\u1ea6U T\u01af &amp; PH\u00c1T TRI\u1ec2N C\u00d4NG NGH\u1ec6 TO\u00c0N GIA<\/p>\n<p>VPGD: ng\u00f5 88 ph\u1ed1 Gi\u00e1p Nh\u1ecb, Th\u1ecbnh Li\u1ec7t, Ho\u00e0ng Mai, H\u00e0 N\u1ed9i<\/p>\n<p>X\u01b0\u1edfng s\u1ea3n xu\u1ea5t: L\u1ea1c \u0110\u1ea1o, V\u0103n L\u00e2m, H\u01b0ng Y\u00ean<\/p>\n<p>M\u1ecdi nhu c\u1ea7u Li\u00ean h\u1ec7:<\/p>\n<p><span style=\"color: #ff0000;\">???Hotline: 094 3030 117???<\/span><\/p>\n<p>Ph\u00f2ng Kinh doanh: 0918 92 55 22<\/p>\n<p>Ph\u00f2ng K\u1ef9 thu\u1eadt: 0918 26 55 22<\/p>\n<p>Ph\u00f2ng K\u1ebf to\u00e1n: 0916 49 88 22<\/p>\n<p>Tell: 024 3995 0208 \/ 0916 35 88 22<\/p>\n<p>Gmail: <a href=\"mailto:toangiamayvanphong@gmail.com\">toangiamayvanphong@gmail.com<\/a><\/p>\n<p>Web: <u>https:\/\/toangiamayvanphong.vn\/<\/u><\/p>\n<p>&nbsp;<\/p>\n","protected":false},"featured_media":1906,"comment_status":"open","ping_status":"closed","template":"","meta":[],"product_brand":[],"product_cat":[158],"product_tag":[282,283],"class_list":{"0":"post-2366","1":"product","2":"type-product","3":"status-publish","4":"has-post-thumbnail","6":"product_cat-van-phong-pham","7":"product_tag-but-xoa-nuoc","8":"product_tag-but-xoa-tl","10":"first","11":"instock","12":"taxable","13":"shipping-taxable","14":"product-type-simple"},"_links":{"self":[{"href":"https:\/\/toangiamayvanphong.vn\/index.php?rest_route=\/wp\/v2\/product\/2366","targetHints":{"allow":["GET"]}}],"collection":[{"href":"https:\/\/toangiamayvanphong.vn\/index.php?rest_route=\/wp\/v2\/product"}],"about":[{"href":"https:\/\/toangiamayvanphong.vn\/index.php?rest_route=\/wp\/v2\/types\/product"}],"replies":[{"embeddable":true,"href":"https:\/\/toangiamayvanphong.vn\/index.php?rest_route=%2Fwp%2Fv2%2Fcomments&post=2366"}],"wp:featuredmedia":[{"embeddable":true,"href":"https:\/\/toangiamayvanphong.vn\/index.php?rest_route=\/wp\/v2\/media\/1906"}],"wp:attachment":[{"href":"https:\/\/toangiamayvanphong.vn\/index.php?rest_route=%2Fwp%2Fv2%2Fmedia&parent=2366"}],"wp:term":[{"taxonomy":"product_brand","embeddable":true,"href":"https:\/\/toangiamayvanphong.vn\/index.php?rest_route=%2Fwp%2Fv2%2Fproduct_brand&post=2366"},{"taxonomy":"product_cat","embeddable":true,"href":"https:\/\/toangiamayvanphong.vn\/index.php?rest_route=%2Fwp%2Fv2%2Fproduct_cat&post=2366"},{"taxonomy":"product_tag","embeddable":true,"href":"https:\/\/toangiamayvanphong.vn\/index.php?rest_route=%2Fwp%2Fv2%2Fproduct_tag&post=2366"}],"curies":[{"name":"wp","href":"https:\/\/api.w.org\/{rel}","templated":true}]}}