{"id":2401,"date":"2023-07-09T11:15:01","date_gmt":"2023-07-09T04:15:01","guid":{"rendered":"https:\/\/toangiamayvanphong.vn\/?post_type=product&#038;p=2401"},"modified":"2023-07-09T11:15:05","modified_gmt":"2023-07-09T04:15:05","slug":"nuoc-rua-chen-kazoku-huong-que-750ml","status":"publish","type":"product","link":"https:\/\/toangiamayvanphong.vn\/?product=nuoc-rua-chen-kazoku-huong-que-750ml","title":{"rendered":"N\u01b0\u1edbc r\u1eeda ch\u00e9n Kazoku h\u01b0\u01a1ng qu\u1ebf 750ml"},"content":{"rendered":"<div>\n<p><img decoding=\"async\" class=\"emoji\" role=\"img\" draggable=\"false\" src=\"https:\/\/s.w.org\/images\/core\/emoji\/14.0.0\/svg\/1f308.svg\" alt=\"?\" \/><img decoding=\"async\" class=\"emoji\" role=\"img\" draggable=\"false\" src=\"https:\/\/s.w.org\/images\/core\/emoji\/14.0.0\/svg\/1f308.svg\" alt=\"?\" \/><img decoding=\"async\" class=\"emoji\" role=\"img\" draggable=\"false\" src=\"https:\/\/s.w.org\/images\/core\/emoji\/14.0.0\/svg\/1f308.svg\" alt=\"?\" \/>N\u01b0\u1edbc r\u1eeda ch\u00e9n Kazoku h\u01b0\u01a1ng qu\u1ebf 750ml (SP c\u1ee7a c\u00f4ng ty CP X\u00e0 Ph\u00f2ng H\u00c0 N\u1ed8I (HASO) )<\/p>\n<p><span class=\"x3nfvp2 x1j61x8r x1fcty0u xdj266r xhhsvwb xat24cr xgzva0m xxymvpz xlup9mm x1kky2od\"><img loading=\"lazy\" decoding=\"async\" src=\"https:\/\/static.xx.fbcdn.net\/images\/emoji.php\/v9\/tc1\/1\/16\/1f4a6.png\" alt=\"?\" width=\"16\" height=\"16\" \/><\/span> \u0110\u1ec3 l\u00e0m s\u1ea1ch ch\u00e9n b\u00e1t, n\u01b0\u1edbc r\u1eeda ch\u00e9n b\u00e1t l\u00e0 dung d\u1ecbch kh\u00f4ng th\u1ec3 thi\u1ebfu.<\/p>\n<div dir=\"auto\">C\u00e1c s\u1ea3n ph\u1ea9m n\u01b0\u1edbc r\u1eeda ch\u00e9n c\u1ee7a HASOCO \u0111\u01b0\u1ee3c s\u1ea3n xu\u1ea5t v\u1edbi c\u00f4ng th\u1ee9c \u0111\u1eb7c bi\u1ec7t, kh\u00f4ng ch\u1ee9a qu\u00e1 nhi\u1ec1u b\u1ecdt trong qu\u00e1 tr\u00ecnh t\u1ea9y r\u1eeda v\u1ebft b\u1ea9n nh\u01b0ng v\u1eabn l\u00e0m s\u1ea1ch m\u1ecdi v\u1ebft b\u1ea9n tr\u00ean ch\u00e9n \u0111\u0129a, \u0111\u1ed3 d\u00f9ng nh\u00e0 b\u1ebfp m\u1ed9t c\u00e1ch su\u1ea5t s\u1eafc.<\/div>\n<div dir=\"auto\"><span class=\"x3nfvp2 x1j61x8r x1fcty0u xdj266r xhhsvwb xat24cr xgzva0m xxymvpz xlup9mm x1kky2od\"><img loading=\"lazy\" decoding=\"async\" src=\"https:\/\/static.xx.fbcdn.net\/images\/emoji.php\/v9\/tc1\/1\/16\/1f4a6.png\" alt=\"?\" width=\"16\" height=\"16\" \/><\/span>\u0110\u1ed3ng th\u1eddi s\u1ea3n ph\u1ea9m kh\u00f4ng c\u00f3 m\u00f9i, kh\u00f4ng c\u00f3 m\u00e0u, kh\u00f4ng l\u00e0m cho da tay b\u1ecb kh\u00f4 d\u00f9 d\u00f9ng v\u1edbi m\u1ed9t l\u01b0\u1ee3ng l\u1edbn. Kh\u1ea3 n\u0103ng l\u00e0m s\u1ea1ch \u0111\u1ed3 gia d\u1ee5ng, d\u1ee5ng c\u1ee5 nh\u00e0 b\u1ebfp \u0111\u01b0\u1ee3c \u0111\u00e1nh gi\u00e1 r\u1ea5t cao, \u0111\u1eb7c bi\u1ec7t kh\u00f4ng h\u1ec1 gi\u1eef l\u1ea1i m\u00f9i kh\u00f3 ch\u1ecbu cho m\u1ecdi \u0111\u1ed3 v\u1eadt sau khi r\u1eeda.<\/div>\n<\/div>\n<p>C\u00d4NG TY TNHH TM-DV \u0110\u1ea6U T\u01af &amp; PH\u00c1T TRI\u1ec2N C\u00d4NG NGH\u1ec6 TO\u00c0N GIA<\/p>\n<p>VPGD: ng\u00f5 88 ph\u1ed1 Gi\u00e1p Nh\u1ecb, Th\u1ecbnh Li\u1ec7t, Ho\u00e0ng Mai, H\u00e0 N\u1ed9i<\/p>\n<p>X\u01b0\u1edfng s\u1ea3n xu\u1ea5t: L\u1ea1c \u0110\u1ea1o, V\u0103n L\u00e2m, H\u01b0ng Y\u00ean<\/p>\n<p>M\u1ecdi nhu c\u1ea7u Li\u00ean h\u1ec7:<\/p>\n<p>???Hotline: 094 3030 117???<\/p>\n<p>Ph\u00f2ng Kinh doanh: 0918 92 55 22<\/p>\n<p>Ph\u00f2ng K\u1ef9 thu\u1eadt: 0918 26 55 22<\/p>\n<p>Ph\u00f2ng K\u1ebf to\u00e1n: 0916 49 88 22<\/p>\n<p>Tell: 024 3995 0208 \/ 0916 35 88 22<\/p>\n<p>Gmail: <a href=\"mailto:toangiamayvanphong@gmail.com\">toangiamayvanphong@gmail.com<\/a><\/p>\n<p>Web: <u>https:\/\/toangiamayvanphong.vn\/<\/u><\/p>\n","protected":false},"excerpt":{"rendered":"<p><img decoding=\"async\" class=\"emoji\" role=\"img\" draggable=\"false\" src=\"https:\/\/s.w.org\/images\/core\/emoji\/14.0.0\/svg\/1f308.svg\" alt=\"?\" \/><img decoding=\"async\" class=\"emoji\" role=\"img\" draggable=\"false\" src=\"https:\/\/s.w.org\/images\/core\/emoji\/14.0.0\/svg\/1f308.svg\" alt=\"?\" \/><img decoding=\"async\" class=\"emoji\" role=\"img\" draggable=\"false\" src=\"https:\/\/s.w.org\/images\/core\/emoji\/14.0.0\/svg\/1f308.svg\" alt=\"?\" \/>N\u01b0\u1edbc r\u1eeda ch\u00e9n Kazoku h\u01b0\u01a1ng qu\u1ebf 750ml (SP c\u1ee7a c\u00f4ng ty CP X\u00e0 Ph\u00f2ng H\u00c0 N\u1ed8I (HASO) )<\/p>\n<p><span class=\"x3nfvp2 x1j61x8r x1fcty0u xdj266r xhhsvwb xat24cr xgzva0m xxymvpz xlup9mm x1kky2od\"><img loading=\"lazy\" decoding=\"async\" src=\"https:\/\/static.xx.fbcdn.net\/images\/emoji.php\/v9\/tc1\/1\/16\/1f4a6.png\" alt=\"?\" width=\"16\" height=\"16\" \/><\/span> \u0110\u1ec3 l\u00e0m s\u1ea1ch ch\u00e9n b\u00e1t, n\u01b0\u1edbc r\u1eeda ch\u00e9n b\u00e1t l\u00e0 dung d\u1ecbch kh\u00f4ng th\u1ec3 thi\u1ebfu.<\/p>\n<div dir=\"auto\">C\u00e1c s\u1ea3n ph\u1ea9m n\u01b0\u1edbc r\u1eeda ch\u00e9n c\u1ee7a HASOCO \u0111\u01b0\u1ee3c s\u1ea3n xu\u1ea5t v\u1edbi c\u00f4ng th\u1ee9c \u0111\u1eb7c bi\u1ec7t, kh\u00f4ng ch\u1ee9a qu\u00e1 nhi\u1ec1u b\u1ecdt trong qu\u00e1 tr\u00ecnh t\u1ea9y r\u1eeda v\u1ebft b\u1ea9n nh\u01b0ng v\u1eabn l\u00e0m s\u1ea1ch m\u1ecdi v\u1ebft b\u1ea9n tr\u00ean ch\u00e9n \u0111\u0129a, \u0111\u1ed3 d\u00f9ng nh\u00e0 b\u1ebfp m\u1ed9t c\u00e1ch su\u1ea5t s\u1eafc.<\/div>\n<div dir=\"auto\"><span class=\"x3nfvp2 x1j61x8r x1fcty0u xdj266r xhhsvwb xat24cr xgzva0m xxymvpz xlup9mm x1kky2od\"><img loading=\"lazy\" decoding=\"async\" src=\"https:\/\/static.xx.fbcdn.net\/images\/emoji.php\/v9\/tc1\/1\/16\/1f4a6.png\" alt=\"?\" width=\"16\" height=\"16\" \/><\/span>\u0110\u1ed3ng th\u1eddi s\u1ea3n ph\u1ea9m kh\u00f4ng c\u00f3 m\u00f9i, kh\u00f4ng c\u00f3 m\u00e0u, kh\u00f4ng l\u00e0m cho da tay b\u1ecb kh\u00f4 d\u00f9 d\u00f9ng v\u1edbi m\u1ed9t l\u01b0\u1ee3ng l\u1edbn. Kh\u1ea3 n\u0103ng l\u00e0m s\u1ea1ch \u0111\u1ed3 gia d\u1ee5ng, d\u1ee5ng c\u1ee5 nh\u00e0 b\u1ebfp \u0111\u01b0\u1ee3c \u0111\u00e1nh gi\u00e1 r\u1ea5t cao, \u0111\u1eb7c bi\u1ec7t kh\u00f4ng h\u1ec1 gi\u1eef l\u1ea1i m\u00f9i kh\u00f3 ch\u1ecbu cho m\u1ecdi \u0111\u1ed3 v\u1eadt sau khi r\u1eeda.<\/div>\n<p>Th\u01b0\u01a1ng hi\u1ec7u:\u00a0 M\u1edaI 100%\u00a0 \u00a0 \u00a0 \u00a0 \u00a0 \u00a0 | T\u00ecnh tr\u1ea1ng : C\u00f2n h\u00e0ng<\/p>\n<p>Vui l\u00f2ng li\u00ean h\u1ec7 \u0111\u1ec3 l\u1ea5y gi\u00e1 g\u1ed1c v\u00e0 khuy\u1ebfn m\u1ea1i<\/p>\n<hr \/>\n<p>Sa\u0309n ph\u00e2\u0309m \u0111\u01b0\u01a1\u0323c ba\u0301n ta\u0323i :<\/p>\n<p>C\u00d4NG TY TNHH TM-DV \u0110\u1ea6U T\u01af &amp; PH\u00c1T TRI\u1ec2N C\u00d4NG NGH\u1ec6 TO\u00c0N GIA<\/p>\n<p>VPGD: ng\u00f5 88 ph\u1ed1 Gi\u00e1p Nh\u1ecb, Th\u1ecbnh Li\u1ec7t, Ho\u00e0ng Mai, H\u00e0 N\u1ed9i<\/p>\n<p>X\u01b0\u1edfng s\u1ea3n xu\u1ea5t: L\u1ea1c \u0110\u1ea1o, V\u0103n L\u00e2m, H\u01b0ng Y\u00ean<\/p>\n<p>M\u1ecdi nhu c\u1ea7u Li\u00ean h\u1ec7:<\/p>\n<p><span style=\"color: #ff0000;\">???Hotline: 094 3030 117???<\/span><\/p>\n<p>Ph\u00f2ng Kinh doanh: 0918 92 55 22<\/p>\n<p>Ph\u00f2ng K\u1ef9 thu\u1eadt: 0918 26 55 22<\/p>\n<p>Ph\u00f2ng K\u1ebf to\u00e1n: 0916 49 88 22<\/p>\n<p>Tell: 024 3995 0208 \/ 0916 35 88 22<\/p>\n<p>Gmail: <a href=\"mailto:toangiamayvanphong@gmail.com\">toangiamayvanphong@gmail.com<\/a><\/p>\n<p>Web: <u>https:\/\/toangiamayvanphong.vn\/<\/u><\/p>\n<p>&nbsp;<\/p>\n","protected":false},"featured_media":1997,"comment_status":"open","ping_status":"closed","template":"","meta":[],"product_brand":[],"product_cat":[216],"product_tag":[311,312],"class_list":{"0":"post-2401","1":"product","2":"type-product","3":"status-publish","4":"has-post-thumbnail","6":"product_cat-chua-phan-loai","7":"product_tag-huong-que","8":"product_tag-nrc-kazoku","10":"first","11":"instock","12":"taxable","13":"shipping-taxable","14":"product-type-simple"},"_links":{"self":[{"href":"https:\/\/toangiamayvanphong.vn\/index.php?rest_route=\/wp\/v2\/product\/2401","targetHints":{"allow":["GET"]}}],"collection":[{"href":"https:\/\/toangiamayvanphong.vn\/index.php?rest_route=\/wp\/v2\/product"}],"about":[{"href":"https:\/\/toangiamayvanphong.vn\/index.php?rest_route=\/wp\/v2\/types\/product"}],"replies":[{"embeddable":true,"href":"https:\/\/toangiamayvanphong.vn\/index.php?rest_route=%2Fwp%2Fv2%2Fcomments&post=2401"}],"wp:featuredmedia":[{"embeddable":true,"href":"https:\/\/toangiamayvanphong.vn\/index.php?rest_route=\/wp\/v2\/media\/1997"}],"wp:attachment":[{"href":"https:\/\/toangiamayvanphong.vn\/index.php?rest_route=%2Fwp%2Fv2%2Fmedia&parent=2401"}],"wp:term":[{"taxonomy":"product_brand","embeddable":true,"href":"https:\/\/toangiamayvanphong.vn\/index.php?rest_route=%2Fwp%2Fv2%2Fproduct_brand&post=2401"},{"taxonomy":"product_cat","embeddable":true,"href":"https:\/\/toangiamayvanphong.vn\/index.php?rest_route=%2Fwp%2Fv2%2Fproduct_cat&post=2401"},{"taxonomy":"product_tag","embeddable":true,"href":"https:\/\/toangiamayvanphong.vn\/index.php?rest_route=%2Fwp%2Fv2%2Fproduct_tag&post=2401"}],"curies":[{"name":"wp","href":"https:\/\/api.w.org\/{rel}","templated":true}]}}