{"id":2430,"date":"2023-07-09T11:15:08","date_gmt":"2023-07-09T04:15:08","guid":{"rendered":"https:\/\/toangiamayvanphong.vn\/?post_type=product&#038;p=2430"},"modified":"2023-07-09T11:15:12","modified_gmt":"2023-07-09T04:15:12","slug":"cum-trong-hp-32a","status":"publish","type":"product","link":"https:\/\/toangiamayvanphong.vn\/?product=cum-trong-hp-32a","title":{"rendered":"C\u1ee5m tr\u1ed1ng HP 32A"},"content":{"rendered":"<p><span style=\"font-size: 8pt;\"><strong><span class=\"emoji-sizer emoji-outer \"><img decoding=\"async\" class=\"emoji\" role=\"img\" draggable=\"false\" src=\"https:\/\/s.w.org\/images\/core\/emoji\/14.0.0\/svg\/1f308.svg\" alt=\"?\" \/><\/span><span style=\"font-size: 12pt;\">\u00a0<span class=\"emoji-sizer emoji-outer \"><img decoding=\"async\" class=\"emoji\" role=\"img\" draggable=\"false\" src=\"https:\/\/s.w.org\/images\/core\/emoji\/14.0.0\/svg\/1f308.svg\" alt=\"?\" \/><span style=\"color: #0000ff;\">C\u1ee5m tr\u1ed1ng HP 32A<\/span><\/span><\/span><\/strong><\/span><\/p>\n<div dir=\"auto\"><a class=\"x1i10hfl xjbqb8w x6umtig x1b1mbwd xaqea5y xav7gou x9f619 x1ypdohk xt0psk2 xe8uvvx xdj266r x11i5rnm xat24cr x1mh8g0r xexx8yu x4uap5 x18d9i69 xkhd6sd x16tdsg8 x1hl2dhg xggy1nq x1a2a7pz xt0b8zv x1qq9wsj xo1l8bm\" tabindex=\"0\" role=\"link\" href=\"https:\/\/www.facebook.com\/hashtag\/toner?__eep__=6&amp;__cft__[0]=AZVCqGN-tni_mwp37fkYP2QEh0lFkIq4XLXD6x0LxyD7az7IE9-cRnGLwI9aBQn6Nkp9emBqBwXmIj1qn7efhfAvinaw-WSq_c4I_xJHukblWAL83Ouvz5zti98yFWPBvDFRVriQkoisrGu93QlW9Auk305WDW8FqtyDfKwSVR6lOw&amp;__tn__=*NK-R\">#Toner<\/a> <a class=\"x1i10hfl xjbqb8w x6umtig x1b1mbwd xaqea5y xav7gou x9f619 x1ypdohk xt0psk2 xe8uvvx xdj266r x11i5rnm xat24cr x1mh8g0r xexx8yu x4uap5 x18d9i69 xkhd6sd x16tdsg8 x1hl2dhg xggy1nq x1a2a7pz xt0b8zv x1qq9wsj xo1l8bm\" tabindex=\"0\" role=\"link\" href=\"https:\/\/www.facebook.com\/hashtag\/17a?__eep__=6&amp;__cft__[0]=AZVCqGN-tni_mwp37fkYP2QEh0lFkIq4XLXD6x0LxyD7az7IE9-cRnGLwI9aBQn6Nkp9emBqBwXmIj1qn7efhfAvinaw-WSq_c4I_xJHukblWAL83Ouvz5zti98yFWPBvDFRVriQkoisrGu93QlW9Auk305WDW8FqtyDfKwSVR6lOw&amp;__tn__=*NK-R\">#17A<\/a>+ <a class=\"x1i10hfl xjbqb8w x6umtig x1b1mbwd xaqea5y xav7gou x9f619 x1ypdohk xt0psk2 xe8uvvx xdj266r x11i5rnm xat24cr x1mh8g0r xexx8yu x4uap5 x18d9i69 xkhd6sd x16tdsg8 x1hl2dhg xggy1nq x1a2a7pz xt0b8zv x1qq9wsj xo1l8bm\" tabindex=\"0\" role=\"link\" href=\"https:\/\/www.facebook.com\/hashtag\/toner?__eep__=6&amp;__cft__[0]=AZVCqGN-tni_mwp37fkYP2QEh0lFkIq4XLXD6x0LxyD7az7IE9-cRnGLwI9aBQn6Nkp9emBqBwXmIj1qn7efhfAvinaw-WSq_c4I_xJHukblWAL83Ouvz5zti98yFWPBvDFRVriQkoisrGu93QlW9Auk305WDW8FqtyDfKwSVR6lOw&amp;__tn__=*NK-R\">#Toner<\/a> <a class=\"x1i10hfl xjbqb8w x6umtig x1b1mbwd xaqea5y xav7gou x9f619 x1ypdohk xt0psk2 xe8uvvx xdj266r x11i5rnm xat24cr x1mh8g0r xexx8yu x4uap5 x18d9i69 xkhd6sd x16tdsg8 x1hl2dhg xggy1nq x1a2a7pz xt0b8zv x1qq9wsj xo1l8bm\" tabindex=\"0\" role=\"link\" href=\"https:\/\/www.facebook.com\/hashtag\/30a?__eep__=6&amp;__cft__[0]=AZVCqGN-tni_mwp37fkYP2QEh0lFkIq4XLXD6x0LxyD7az7IE9-cRnGLwI9aBQn6Nkp9emBqBwXmIj1qn7efhfAvinaw-WSq_c4I_xJHukblWAL83Ouvz5zti98yFWPBvDFRVriQkoisrGu93QlW9Auk305WDW8FqtyDfKwSVR6lOw&amp;__tn__=*NK-R\">#30A<\/a> + <a class=\"x1i10hfl xjbqb8w x6umtig x1b1mbwd xaqea5y xav7gou x9f619 x1ypdohk xt0psk2 xe8uvvx xdj266r x11i5rnm xat24cr x1mh8g0r xexx8yu x4uap5 x18d9i69 xkhd6sd x16tdsg8 x1hl2dhg xggy1nq x1a2a7pz xt0b8zv x1qq9wsj xo1l8bm\" tabindex=\"0\" role=\"link\" href=\"https:\/\/www.facebook.com\/hashtag\/drum?__eep__=6&amp;__cft__[0]=AZVCqGN-tni_mwp37fkYP2QEh0lFkIq4XLXD6x0LxyD7az7IE9-cRnGLwI9aBQn6Nkp9emBqBwXmIj1qn7efhfAvinaw-WSq_c4I_xJHukblWAL83Ouvz5zti98yFWPBvDFRVriQkoisrGu93QlW9Auk305WDW8FqtyDfKwSVR6lOw&amp;__tn__=*NK-R\">#Drum<\/a> <a class=\"x1i10hfl xjbqb8w x6umtig x1b1mbwd xaqea5y xav7gou x9f619 x1ypdohk xt0psk2 xe8uvvx xdj266r x11i5rnm xat24cr x1mh8g0r xexx8yu x4uap5 x18d9i69 xkhd6sd x16tdsg8 x1hl2dhg xggy1nq x1a2a7pz xt0b8zv x1qq9wsj xo1l8bm\" tabindex=\"0\" role=\"link\" href=\"https:\/\/www.facebook.com\/hashtag\/32a?__eep__=6&amp;__cft__[0]=AZVCqGN-tni_mwp37fkYP2QEh0lFkIq4XLXD6x0LxyD7az7IE9-cRnGLwI9aBQn6Nkp9emBqBwXmIj1qn7efhfAvinaw-WSq_c4I_xJHukblWAL83Ouvz5zti98yFWPBvDFRVriQkoisrGu93QlW9Auk305WDW8FqtyDfKwSVR6lOw&amp;__tn__=*NK-R\">#32A<\/a><\/div>\n<div dir=\"auto\">&gt;&gt; Ch\u00fang t\u00f4i cung c\u1ea5p gi\u1ea3i ph\u00e1p \u0111\u1ed3ng b\u1ed9 hi\u1ec7u qu\u1ea3 nh\u1ea5t cho d\u00f2ng m\u00e1y ch\u1ea1y TN 17A v\u00e0 (Drum 32-TN 30A). V\u1edbi ngu\u1ed3n tr\u1ed1ng v\u00e0 m\u1ef1c b\u00f3c m\u00e1y h\u00e3ng.<\/div>\n<div dir=\"auto\">&gt;&gt; Song song v\u1edbi vi\u1ec7c h\u1ed7 tr\u1ee3 k\u1ef9 thu\u1eadt cho c\u00e1c ACE k\u1ef9 thu\u1eadt gi\u00fap m\u00e1y ch\u1ea1y c\u1ef1 k\u1ef3 \u1ed5n \u0111\u1ecbnh v\u00e0 m\u01b0\u1ee3t m\u00e0 v\u1edbi gi\u00e1 v\u00f4 c\u00f9ng h\u1ea1t d\u1ebb.<\/div>\n<p><span class=\"text\">T\u200br\u00e2n tr\u1ecdng!<\/span><\/p>\n<p><span class=\"text\">\u2014\u2013***\u2014\u2013<\/span><\/p>\n<p><span class=\"text\">C\u00d4NG TY TNHH TM-DV \u0110\u1ea6U T\u01af &amp; PH\u00c1T TRI\u1ec2N C\u00d4NG NGH\u1ec6 TO\u00c0N GIA<\/span><\/p>\n<p><span class=\"text\">VPGD: ng\u00f5 88 ph\u1ed1 Gi\u00e1p Nh\u1ecb, Th\u1ecbnh Li\u1ec7t, Ho\u00e0ng Mai, H\u00e0 N\u1ed9i<\/span><\/p>\n<p><span class=\"text\">X\u01b0\u1edfng s\u1ea3n xu\u1ea5t: L\u1ea1c \u0110\u1ea1o, V\u0103n L\u00e2m, H\u01b0ng Y\u00ean<\/span><\/p>\n<p><span class=\"text\">M\u1ecdi nhu c\u1ea7u Li\u00ean h\u1ec7:<\/span><\/p>\n<p><span class=\"text\">Ph\u00f2ng Kinh doanh:\u00a0<\/span><a class=\"text-is-phone-number\">0918 92 55 22<\/a><\/p>\n<p><span class=\"text\">Ph\u00f2ng K\u1ef9 thu\u1eadt:\u00a0<\/span><a class=\"text-is-phone-number\">0918 26 55 22<\/a><\/p>\n<p><span class=\"text\">Ph\u00f2ng K\u1ebf to\u00e1n:\u00a0<\/span><a class=\"text-is-phone-number\">0916 49 88 22<\/a><\/p>\n<p><span class=\"text\">Tell: 024 3995 0208 \/\u00a0<\/span><a class=\"text-is-phone-number\">0916 35 88 22<\/a><span class=\"text\">\u00a0<\/span><\/p>\n<p><span class=\"emoji-sizer emoji-outer \"><img decoding=\"async\" class=\"emoji\" role=\"img\" draggable=\"false\" src=\"https:\/\/s.w.org\/images\/core\/emoji\/14.0.0\/svg\/1f525.svg\" alt=\"?\" \/><\/span><span class=\"emoji-sizer emoji-outer \"><img decoding=\"async\" class=\"emoji\" role=\"img\" draggable=\"false\" src=\"https:\/\/s.w.org\/images\/core\/emoji\/14.0.0\/svg\/1f525.svg\" alt=\"?\" \/><\/span><span class=\"text\"><img decoding=\"async\" class=\"emoji\" role=\"img\" draggable=\"false\" src=\"https:\/\/s.w.org\/images\/core\/emoji\/14.0.0\/svg\/1f525.svg\" alt=\"?\" \/>Hotline:\u00a0<\/span><a class=\"text-is-phone-number\">094 3030 117<\/a><span class=\"emoji-sizer emoji-outer \"><img decoding=\"async\" class=\"emoji\" role=\"img\" draggable=\"false\" src=\"https:\/\/s.w.org\/images\/core\/emoji\/14.0.0\/svg\/1f525.svg\" alt=\"?\" \/><\/span><span class=\"emoji-sizer emoji-outer \"><img decoding=\"async\" class=\"emoji\" role=\"img\" draggable=\"false\" src=\"https:\/\/s.w.org\/images\/core\/emoji\/14.0.0\/svg\/1f525.svg\" alt=\"?\" \/><\/span><span class=\"emoji-sizer emoji-outer \"><img decoding=\"async\" class=\"emoji\" role=\"img\" draggable=\"false\" src=\"https:\/\/s.w.org\/images\/core\/emoji\/14.0.0\/svg\/1f525.svg\" alt=\"?\" \/><\/span><\/p>\n<p><span class=\"text\">Gmail:\u00a0<\/span><a class=\"text-is-email\" href=\"mailto:toangiamayvanphong@gmail.com\" target=\"_blank\" rel=\"noopener\">toangiamayvanphong@gmail.com<\/a><\/p>\n<p>web: toangiamayvanphong.vn<\/p>\n","protected":false},"excerpt":{"rendered":"<p>\u00a0C\u1ee5m tr\u1ed1ng HP 32A #Toner #17A+ #Toner #30A + #Drum #32A &gt;&gt; Ch\u00fang t\u00f4i cung c\u1ea5p gi\u1ea3i ph\u00e1p \u0111\u1ed3ng b\u1ed9 hi\u1ec7u qu\u1ea3 nh\u1ea5t cho d\u00f2ng m\u00e1y ch\u1ea1y TN 17A v\u00e0 (Drum 32-TN 30A). V\u1edbi ngu\u1ed3n tr\u1ed1ng v\u00e0 m\u1ef1c b\u00f3c m\u00e1y h\u00e3ng. &gt;&gt; Song song v\u1edbi vi\u1ec7c h\u1ed7 tr\u1ee3 k\u1ef9 thu\u1eadt cho c\u00e1c ACE k\u1ef9 thu\u1eadt &#8230;<\/p>\n","protected":false},"featured_media":2109,"comment_status":"open","ping_status":"closed","template":"","meta":[],"product_brand":[],"product_cat":[128],"product_tag":[375,376,377],"class_list":{"0":"post-2430","1":"product","2":"type-product","3":"status-publish","4":"has-post-thumbnail","6":"product_cat-linh-kien-boc-may","7":"product_tag-32a","8":"product_tag-cum-trong-hp-32a","9":"product_tag-hp-32a","11":"first","12":"instock","13":"taxable","14":"shipping-taxable","15":"product-type-simple"},"_links":{"self":[{"href":"https:\/\/toangiamayvanphong.vn\/index.php?rest_route=\/wp\/v2\/product\/2430","targetHints":{"allow":["GET"]}}],"collection":[{"href":"https:\/\/toangiamayvanphong.vn\/index.php?rest_route=\/wp\/v2\/product"}],"about":[{"href":"https:\/\/toangiamayvanphong.vn\/index.php?rest_route=\/wp\/v2\/types\/product"}],"replies":[{"embeddable":true,"href":"https:\/\/toangiamayvanphong.vn\/index.php?rest_route=%2Fwp%2Fv2%2Fcomments&post=2430"}],"wp:featuredmedia":[{"embeddable":true,"href":"https:\/\/toangiamayvanphong.vn\/index.php?rest_route=\/wp\/v2\/media\/2109"}],"wp:attachment":[{"href":"https:\/\/toangiamayvanphong.vn\/index.php?rest_route=%2Fwp%2Fv2%2Fmedia&parent=2430"}],"wp:term":[{"taxonomy":"product_brand","embeddable":true,"href":"https:\/\/toangiamayvanphong.vn\/index.php?rest_route=%2Fwp%2Fv2%2Fproduct_brand&post=2430"},{"taxonomy":"product_cat","embeddable":true,"href":"https:\/\/toangiamayvanphong.vn\/index.php?rest_route=%2Fwp%2Fv2%2Fproduct_cat&post=2430"},{"taxonomy":"product_tag","embeddable":true,"href":"https:\/\/toangiamayvanphong.vn\/index.php?rest_route=%2Fwp%2Fv2%2Fproduct_tag&post=2430"}],"curies":[{"name":"wp","href":"https:\/\/api.w.org\/{rel}","templated":true}]}}