{"id":4537,"date":"2025-03-28T11:50:46","date_gmt":"2025-03-28T04:50:46","guid":{"rendered":"https:\/\/toangiamayvanphong.vn\/?post_type=product&#038;p=4537"},"modified":"2025-03-28T11:50:46","modified_gmt":"2025-03-28T04:50:46","slug":"khoa-develop-may-canon-215-boc-may-fco-1593","status":"publish","type":"product","link":"https:\/\/toangiamayvanphong.vn\/?product=khoa-develop-may-canon-215-boc-may-fco-1593","title":{"rendered":"Kh\u00f3a develop m\u00e1y canon 215 (b\u00f3c m\u00e1y) FCO-1593"},"content":{"rendered":"<p><span style=\"color: #0000ff; font-size: 150%;\"><strong>Kh\u00f3a develop m\u00e1y canon 215 (b\u00f3c m\u00e1y) FCO-1593<\/strong><\/span><\/p>\n","protected":false},"excerpt":{"rendered":"<p>Kh\u00f3a develop m\u00e1y canon 215 (b\u00f3c m\u00e1y) FCO-1593<\/p>\n","protected":false},"featured_media":4538,"comment_status":"open","ping_status":"closed","template":"","meta":[],"product_brand":[],"product_cat":[128],"product_tag":[918],"class_list":{"0":"post-4537","1":"product","2":"type-product","3":"status-publish","4":"has-post-thumbnail","6":"product_cat-linh-kien-boc-may","7":"product_tag-khoa-develop-may-canon-215-boc-may-fco-1593","9":"first","10":"instock","11":"taxable","12":"shipping-taxable","13":"product-type-simple"},"_links":{"self":[{"href":"https:\/\/toangiamayvanphong.vn\/index.php?rest_route=\/wp\/v2\/product\/4537","targetHints":{"allow":["GET"]}}],"collection":[{"href":"https:\/\/toangiamayvanphong.vn\/index.php?rest_route=\/wp\/v2\/product"}],"about":[{"href":"https:\/\/toangiamayvanphong.vn\/index.php?rest_route=\/wp\/v2\/types\/product"}],"replies":[{"embeddable":true,"href":"https:\/\/toangiamayvanphong.vn\/index.php?rest_route=%2Fwp%2Fv2%2Fcomments&post=4537"}],"wp:featuredmedia":[{"embeddable":true,"href":"https:\/\/toangiamayvanphong.vn\/index.php?rest_route=\/wp\/v2\/media\/4538"}],"wp:attachment":[{"href":"https:\/\/toangiamayvanphong.vn\/index.php?rest_route=%2Fwp%2Fv2%2Fmedia&parent=4537"}],"wp:term":[{"taxonomy":"product_brand","embeddable":true,"href":"https:\/\/toangiamayvanphong.vn\/index.php?rest_route=%2Fwp%2Fv2%2Fproduct_brand&post=4537"},{"taxonomy":"product_cat","embeddable":true,"href":"https:\/\/toangiamayvanphong.vn\/index.php?rest_route=%2Fwp%2Fv2%2Fproduct_cat&post=4537"},{"taxonomy":"product_tag","embeddable":true,"href":"https:\/\/toangiamayvanphong.vn\/index.php?rest_route=%2Fwp%2Fv2%2Fproduct_tag&post=4537"}],"curies":[{"name":"wp","href":"https:\/\/api.w.org\/{rel}","templated":true}]}}