{"id":4850,"date":"2025-05-08T10:21:47","date_gmt":"2025-05-08T03:21:47","guid":{"rendered":"https:\/\/toangiamayvanphong.vn\/?post_type=product&#038;p=4850"},"modified":"2025-05-08T10:21:48","modified_gmt":"2025-05-08T03:21:48","slug":"bo-02-cai-ro-le-may-brother-2140-boc-may","status":"publish","type":"product","link":"https:\/\/toangiamayvanphong.vn\/?product=bo-02-cai-ro-le-may-brother-2140-boc-may","title":{"rendered":"B\u1ed9 02 c\u00e1i r\u01a1 le m\u00e1y brother 2140 ( b\u00f3c m\u00e1y )"},"content":{"rendered":"<p><span style=\"color: #0000ff; font-size: 150%;\"><strong>B\u1ed9 02 c\u00e1i r\u01a1 le m\u00e1y brother 2140 ( b\u00f3c m\u00e1y )<\/strong><\/span><\/p>\n","protected":false},"excerpt":{"rendered":"<p>B\u1ed9 02 c\u00e1i r\u01a1 le m\u00e1y brother 2140 ( b\u00f3c m\u00e1y )<\/p>\n","protected":false},"featured_media":4851,"comment_status":"open","ping_status":"closed","template":"","meta":[],"product_brand":[],"product_cat":[128],"product_tag":[983],"class_list":{"0":"post-4850","1":"product","2":"type-product","3":"status-publish","4":"has-post-thumbnail","6":"product_cat-linh-kien-boc-may","7":"product_tag-bo-02-cai-ro-le-may-brother-2140-boc-may","9":"first","10":"instock","11":"taxable","12":"shipping-taxable","13":"product-type-simple"},"_links":{"self":[{"href":"https:\/\/toangiamayvanphong.vn\/index.php?rest_route=\/wp\/v2\/product\/4850","targetHints":{"allow":["GET"]}}],"collection":[{"href":"https:\/\/toangiamayvanphong.vn\/index.php?rest_route=\/wp\/v2\/product"}],"about":[{"href":"https:\/\/toangiamayvanphong.vn\/index.php?rest_route=\/wp\/v2\/types\/product"}],"replies":[{"embeddable":true,"href":"https:\/\/toangiamayvanphong.vn\/index.php?rest_route=%2Fwp%2Fv2%2Fcomments&post=4850"}],"wp:featuredmedia":[{"embeddable":true,"href":"https:\/\/toangiamayvanphong.vn\/index.php?rest_route=\/wp\/v2\/media\/4851"}],"wp:attachment":[{"href":"https:\/\/toangiamayvanphong.vn\/index.php?rest_route=%2Fwp%2Fv2%2Fmedia&parent=4850"}],"wp:term":[{"taxonomy":"product_brand","embeddable":true,"href":"https:\/\/toangiamayvanphong.vn\/index.php?rest_route=%2Fwp%2Fv2%2Fproduct_brand&post=4850"},{"taxonomy":"product_cat","embeddable":true,"href":"https:\/\/toangiamayvanphong.vn\/index.php?rest_route=%2Fwp%2Fv2%2Fproduct_cat&post=4850"},{"taxonomy":"product_tag","embeddable":true,"href":"https:\/\/toangiamayvanphong.vn\/index.php?rest_route=%2Fwp%2Fv2%2Fproduct_tag&post=4850"}],"curies":[{"name":"wp","href":"https:\/\/api.w.org\/{rel}","templated":true}]}}